{"id":1071,"date":"2017-11-02T22:19:18","date_gmt":"2017-11-02T21:19:18","guid":{"rendered":"http:\/\/www.moa-soft.de\/wordpress\/?page_id=1071"},"modified":"2021-02-09T23:32:04","modified_gmt":"2021-02-09T22:32:04","slug":"ammon-leistung","status":"publish","type":"page","link":"https:\/\/www.moa-soft.de\/wordpress\/ammon-software\/ammon-leistung\/","title":{"rendered":"Kennen Sie ein ergonomisches und leistungsstarkes Maklerprogramm?"},"content":{"rendered":"<div class=\"content-box\">\n<h4><span style=\"color: #002395;\">LEISTUNG<\/span><\/h4>\n<h4><span style=\"color: #002395;\">Blicken Sie entspannt auf erledigte Arbeiten und Ihre Erfolge!<\/span><\/h4>\n<h4><span style=\"color: #00b0ad;\">Arbeiten Sie einfacher als andere<\/span><\/h4>\n<h4>Bei <i>A<\/i>MMON wissen Sie immer genau, wo Sie sich befinden und haben alles auf einen Blick. Sicherlich anfangs ungewohnt oder erstaunlich. Professionelle Leistungsst\u00e4rke mit einer Ansicht, die gro\u00dfartig konzipiert ist. Alles ist leicht lesbar und aufzufinden. Der \u00fcbersichtliche Programmaufbau erm\u00f6glicht eine entspannte Bedienung bis in die Feinheiten. So k\u00f6nnen Sie sich bestm\u00f6glich auf Ihre Kundengespr\u00e4che und Gesch\u00e4ftsabschl\u00fcsse konzentrieren. Sie behalten bei Vorg\u00e4ngen alle Details ergebnisorientiert direkt im Auge und nichts wird vergessen. Das ist Ergonomie am Arbeitsplatz ohne \u00fcberanstrengte Blicke mit Verspannungen.<\/h4>\n<h4><span style=\"color: #00b0ad;\">Seien Sie schneller als andere<\/span><\/h4>\n<h4>Bei allem, was wir tun: Wir denken praxisorientiert. Die Bedienungswege wurden anwenderfreundlich prozessorientiert gestaltet. Alle wichtigen Gesch\u00e4ftsvorg\u00e4nge k\u00f6nnen direkt mit einem Klick aufgerufen werden. Daf\u00fcr ist kein Tippen erforderlich. So gen\u00fcgt bei <i>A<\/i>MMON ein kurzer Doppelklick, um Immobilien und Personen mit Ihren Beziehungen und Daten einzusehen. Oder ein einfacher Doppelklick, um Kunden nach Klassifikationen bzw. Merkmalen (z.B. K\u00e4ufer) aus dem gesamten Datenbestand auszuw\u00e4hlen. Ohne Tastatureingaben. Und das konsequent bei allen Leistungsfunktionen. Ebenso bei Objekten (z.B. EFH mit Garage). Mit einer Schnelligkeit in Sekunden, die sich besonders bei Telefongespr\u00e4chen, Selektionen und Abgleichen von Suchprofilen und Immobilienbest\u00e4nden sp\u00fcrbar auszeichnet.<\/h4>\n<h4><span style=\"color: #00b0ad;\">Handeln Sie sicherer als andere<\/span><\/h4>\n<h4><em>A<\/em>MMON ist Ihr pers\u00f6nlicher Coach, der mitdenkt und Ihnen Sicherheit verschafft. Zur Vermeidung von unerw\u00fcnschten Kosten oder teuren Fehlern, z.B. im Blick auf Ihr Kontakt- und Abschlussmanagement. Nicht nur durch dezente Kontrollfragen oder freundliche Hinweise, falls Sie zwischendurch abgelenkt werden bzw. einfach in Gedanken woanders sind. Zuverl\u00e4ssigkeit beginnt bereits durch optisch leicht erkennbare Felder und Warnhinweise zum sicheren Einstellen von Immobilienangeboten (z.B. Energieausweis gem\u00e4\u00df EnEV). Oder durch von Ihnen selbst definierte Pflichtfelder f\u00fcr Ihr B\u00fcro, ohne die der Datensatz nicht gespeichert werden kann und soll. Und ganz essentiell mit der automatischen Integration der Widerrufsbelehrung bei Angeboten oder der Konformit\u00e4t zum neuen Datenschutzgesetz. Mit <em>A<\/em>MMON handeln Sie sicherer als andere.<\/h4>\n<p>&nbsp;<\/p>\n<h4><\/h4>\n<h4>Au\u00dfergew\u00f6hnliches Design trifft volle, nachhaltige Intuition.<\/h4>\n<h4>Erleben Sie durchdachte Funktionen auf den zweiten Blick. Leichter, als Sie denken!<\/h4>\n<h4>Diese R\u00fcckmeldungen erhalten wir h\u00e4ufig von unseren Anwendern nach dem Ersteinstieg:<\/h4>\n<blockquote>\n<h4><span style=\"color: #00b0ad;\"><em>Kann viel mehr als alle anderen!<\/em> <em>Ich bin positiv \u00fcberrascht. \u00a0\u00a0<\/em>\u00a0\u00a0\u00a0\u00a0\u00a0\u00a0\u00a0<span style=\"color: #333333;\">\u00a0 oder<\/span><\/span><\/h4>\n<h4><em><span style=\"color: #00b0ad;\">Wenn man einmal drin ist, dann geht alles leicht von der Hand. So muss es auch sein.<\/span><\/em><\/h4>\n<\/blockquote>\n<\/div>\n<div class=\"content-box\">\n<h4><span style=\"color: #002395;\">Das und mehr kann die ergonomische und leistungsstarke Immobilien- und CRM-Software von <em>A<\/em>MMON:<\/span><\/h4>\n<h5><span style=\"color: #00b0ad;\">Allgemein<\/span><\/h5>\n<ul>\n<li>\n<h5>Vollst\u00e4ndige Stammdatenverwaltung<\/h5>\n<\/li>\n<li>\n<h5>Automatische Selektionen und Erstellung von Listen<\/h5>\n<\/li>\n<li>\n<h5>Automatische und vollst\u00e4ndige Nachweisf\u00fchrung<\/h5>\n<\/li>\n<li>\n<h5>Erstellung von Dokumentvorlagen und Serienbriefen<\/h5>\n<\/li>\n<li>\n<h5>Erstellung von beliebigen Expos\u00e9s und Expos\u00e9vorlagen<\/h5>\n<\/li>\n<li>\n<h5>Automatischer Expos\u00e9-Versand mit Widerruf<\/h5>\n<\/li>\n<li>\n<h5>Erstellung und Versand von pdf Dateien<\/h5>\n<\/li>\n<li>\n<h5>Vollst\u00e4ndige Integration des Internets<\/h5>\n<\/li>\n<\/ul>\n<ul>\n<li>\n<h5>Automatisches Einlesen von E-Mails<\/h5>\n<\/li>\n<li>\n<h5>Anlegen von Kunden aus Anfrage-E-Mails<\/h5>\n<\/li>\n<li>\n<h5>Benutzerdefinierte Selektionsm\u00f6glichkeiten<\/h5>\n<\/li>\n<li>\n<h5>Finanzierungsrechner<\/h5>\n<\/li>\n<li>\n<h5>Erstellung von Rechnungen<\/h5>\n<\/li>\n<li>\n<h5>Erstellung von Provisionsabrechnungen f\u00fcr Mitarbeiter<\/h5>\n<\/li>\n<li>\n<h5>Provisions-Funktionen \/ Verwaltung<\/h5>\n<\/li>\n<li>\n<h5>Statistikfunktionen f\u00fcr Kosten, Mitarbeiter und Aktivit\u00e4ten<\/h5>\n<\/li>\n<li>\n<h5>Anruferkennung und Wahlhilfe (TAPI)<\/h5>\n<\/li>\n<li>\n<h5>\u00dcbernahme von externen Datens\u00e4tzen<\/h5>\n<\/li>\n<li>\n<h5>\u00dcbergabe von Daten an Excel etc.<\/h5>\n<\/li>\n<li>\n<h5>Netzwerkunterst\u00fctzung<\/h5>\n<\/li>\n<li>\n<h5>Freie Gestaltung von Suchkriterien<\/h5>\n<\/li>\n<li>\n<h5>Freie Gestaltung von Klassifikationen und Merkmalen<\/h5>\n<\/li>\n<\/ul>\n<h5><span style=\"color: #00b0ad;\">Adressverwaltung<\/span><\/h5>\n<ul>\n<li>\n<h5>Dublettenpr\u00fcfung<\/h5>\n<\/li>\n<li>\n<h5>Vollst\u00e4ndige Datenerfassung\/verarbeitung<\/h5>\n<\/li>\n<li>\n<h5>Verwaltung von Familiendaten<\/h5>\n<\/li>\n<li>\n<h5>Automatische Wiedervorlage und Terminverwaltung<\/h5>\n<\/li>\n<li>\n<h5>Nachweisf\u00fchrung themenbezogen<\/h5>\n<\/li>\n<li>\n<h5>Automatische Nachweisf\u00fchrung (gleichzeitig f\u00fcr Personen und Immobilien)<\/h5>\n<\/li>\n<li>\n<h5>Vollst\u00e4ndige Korrespondenz und Ablage<\/h5>\n<\/li>\n<li>\n<h5>Serienbrief &#8211; Funktionen<\/h5>\n<\/li>\n<li>\n<h5>Serienfax &#8211; Funktionen<\/h5>\n<\/li>\n<li>\n<h5>Serienmail &#8211; Funktionen<\/h5>\n<\/li>\n<li>\n<h5>Aktivit\u00e4tsverwaltung<\/h5>\n<\/li>\n<li>\n<h5>PLZ-Informationssystem<\/h5>\n<\/li>\n<li>\n<h5>Freie Gestaltung von Anforderungskriterien und Merkmalen<\/h5>\n<\/li>\n<\/ul>\n<h5><span style=\"color: #00b0ad;\">Objektverwaltung<\/span><\/h5>\n<ul>\n<li>\n<h5>Automatische Nachweisf\u00fchrung (gleichzeitig f\u00fcr Personen und Immobilien)<\/h5>\n<\/li>\n<li>\n<h5>Unternehmensspezifische Gestaltung von Expos\u00e9vorlagen<\/h5>\n<\/li>\n<li>\n<h5>Automatische Expos\u00e9-Erstellung<\/h5>\n<\/li>\n<li>\n<h5>Beliebig viele Expos\u00e9s hinterlegbar<\/h5>\n<\/li>\n<li>\n<h5>Expos\u00e9s im MS Word, Publisher, Powerpoint und PDF-Format<\/h5>\n<\/li>\n<li>\n<h5>Aktivit\u00e4tenverwaltung<\/h5>\n<\/li>\n<li>\n<h5>Verwaltung von bis zu 200 Bildern pro Objekt sowie themenbezogene Bildergalerien<\/h5>\n<\/li>\n<li>\n<h5>Verwaltung objektbezogener Daten<\/h5>\n<\/li>\n<li>\n<h5>Finanzierungsrechner<\/h5>\n<\/li>\n<li>\n<h5>Sachwertermittlung nach NHK 2000 und NHK 2010<\/h5>\n<\/li>\n<li>\n<h5>Ertragswertermittlung<\/h5>\n<\/li>\n<li>\n<h5>Verwaltung von Projekten<\/h5>\n<\/li>\n<li>\n<h5>Verwaltung von Projektordnern<\/h5>\n<\/li>\n<li>\n<h5>Anzeigenbestellung<\/h5>\n<\/li>\n<li>\n<h5>Verwaltung von Inseraten<\/h5>\n<\/li>\n<li>\n<h5>Verwaltung von Vertr\u00e4gen<\/h5>\n<\/li>\n<li>\n<h5>Kostenerfassung\/Kontrolle aller Aktivit\u00e4ten<\/h5>\n<\/li>\n<li>\n<h5>\u00dcbergabe der Daten an beliebige Internetportale<\/h5>\n<\/li>\n<li>\n<h5>Integration von Geodaten und Kartendaten<\/h5>\n<\/li>\n<li>\n<h5>Integration von Marktdaten<\/h5>\n<\/li>\n<\/ul>\n<h5><span style=\"color: #00b0ad;\"><b>Angebote<\/b><\/span><\/h5>\n<ul>\n<li>\n<h5>Angebotserstellung<\/h5>\n<\/li>\n<li>\n<h5>Unbegrenzte Selektionen nach Personendaten und Objektdaten<\/h5>\n<\/li>\n<li>\n<h5>Automatischer Abgleich von Profilen (Personen und Objekte)<\/h5>\n<\/li>\n<li>\n<h5>Automatischer Ausdruck von Angeboten<\/h5>\n<\/li>\n<li>\n<h5>Automatische Wiedervorlage nach Angebotserstellung<\/h5>\n<\/li>\n<li>\n<h5>Mehrfachangebote<\/h5>\n<\/li>\n<li>\n<h5>Angebote per Post, Fax oder E-Mail (mit Widerruf)<\/h5>\n<\/li>\n<li>\n<h5>Angebote als pdf &#8211; Datei per E-Mail (mit Widerruf)<\/h5>\n<\/li>\n<li>\n<h5>Automatische Nachweisf\u00fchrung f\u00fcr Angebote (gleichzeitig f\u00fcr Personen und Immobilien)<\/h5>\n<\/li>\n<\/ul>\n<h5><span style=\"color: #00b0ad;\"><b>Schnittstellen<\/b><\/span><\/h5>\n<ul>\n<li>\n<h5>Microsoft Word<\/h5>\n<\/li>\n<li>\n<h5>Microsoft Excel<\/h5>\n<\/li>\n<li>\n<h5>Microsoft Publisher<\/h5>\n<\/li>\n<li>\n<h5>Microsoft Powerpoint<\/h5>\n<\/li>\n<li>\n<h5>Microsoft Outlook<\/h5>\n<\/li>\n<li>\n<h5>libreOffice, openoffice<\/h5>\n<\/li>\n<li>\n<h5>PDF-Creator<\/h5>\n<\/li>\n<li>\n<h5>Diverse Bildbearbeitungssoftware (Adobe, Corel, Jasc, GIMP)<\/h5>\n<\/li>\n<li>\n<h5>Twain kompatible Scanner<\/h5>\n<\/li>\n<li>\n<h5>Digitalkamera<\/h5>\n<\/li>\n<li>\n<h5>Tobit &#8211; Faxware oder David<\/h5>\n<\/li>\n<li>\n<h5>AVM Fritz-Fax<\/h5>\n<\/li>\n<li>\n<h5>AMADEUS<\/h5>\n<\/li>\n<li>\n<h5>easybau<\/h5>\n<\/li>\n<li>\n<h5>immo-PC<\/h5>\n<\/li>\n<li>\n<h5>Immoinfo.de<\/h5>\n<\/li>\n<li>\n<h5>Google Calendar<\/h5>\n<\/li>\n<li>\n<h5>iCloud<\/h5>\n<\/li>\n<li>\n<h5>openstreetmaps<\/h5>\n<\/li>\n<li>\n<h5>Google und Bing maps<\/h5>\n<\/li>\n<li>\n<h5>AMMON App f\u00fcr iPhone\/iPad<\/h5>\n<\/li>\n<\/ul>\n<h5><span style=\"color: #00b0ad;\"><b>Internetschnittstellen<\/b><\/span><\/h5>\n<ul>\n<li>\n<h5>ImmobilienScout24<\/h5>\n<\/li>\n<li>\n<h5>ebay Kleinanzeigen<\/h5>\n<\/li>\n<li>\n<h5>Immonet<\/h5>\n<\/li>\n<li>\n<h5>Immowelt<\/h5>\n<\/li>\n<li>\n<h5>immobilien.de<\/h5>\n<\/li>\n<li>\n<h5>Immopool \/ Lagler<\/h5>\n<\/li>\n<li>\n<h5>1a-Immobilien<\/h5>\n<\/li>\n<li>\n<h5>Screenwork<\/h5>\n<\/li>\n<li>\n<h5>immoprofessional<\/h5>\n<\/li>\n<li>\n<h5>Immonia<\/h5>\n<\/li>\n<li>\n<h5>openImmo<\/h5>\n<\/li>\n<li>\n<h5>sz-online<\/h5>\n<\/li>\n<li>\n<h5>und \u00fcber 90 weitere Portale, die openImmo unterst\u00fctzen<\/h5>\n<\/li>\n<li>\n<h5>Zur eigenen Homepage (openimmo und mySQL)<\/h5>\n<\/li>\n<li>\n<h5>Diverse openimmo plugins f\u00fcr wordpress, joomla, typo3, redaxo etc.<\/h5>\n<\/li>\n<li>\n<h5>Alternativ k\u00f6nnen Sie auch eine Homepage \u00fcber uns beziehen &#8211; <a class=\"text\" href=\"http:\/\/www.ammon-homepage.de\/\" target=\"_blank\" rel=\"noopener\">weitere Info<\/a><\/h5>\n<\/li>\n<\/ul>\n<\/div>\n","protected":false},"excerpt":{"rendered":"<p>LEISTUNG Blicken Sie entspannt auf erledigte Arbeiten und Ihre Erfolge! Arbeiten Sie einfacher als andere Bei AMMON wissen Sie immer genau, wo Sie sich befinden und haben alles auf einen Blick. Sicherlich anfangs ungewohnt oder erstaunlich. Professionelle Leistungsst\u00e4rke mit einer Ansicht, die gro\u00dfartig konzipiert ist. Alles ist leicht lesbar und aufzufinden. Der \u00fcbersichtliche Programmaufbau erm\u00f6glicht <span class=\"moretag\"><a href=\"https:\/\/www.moa-soft.de\/wordpress\/ammon-software\/ammon-leistung\/\" class=\"btn btn-sm btn-primary\">Mehr Infos<\/a><\/span><\/p>\n","protected":false},"author":1,"featured_media":0,"parent":1069,"menu_order":0,"comment_status":"closed","ping_status":"closed","template":"","meta":{"footnotes":""},"class_list":["post-1071","page","type-page","status-publish","hentry"],"yoast_head":"<!-- This site is optimized with the Yoast SEO plugin v27.5 - https:\/\/yoast.com\/product\/yoast-seo-wordpress\/ -->\n<title>Kennen Sie ein ergonomisches und leistungsstarkes Maklerprogramm? - AMMON | Immobilienmaklersoftware<\/title>\n<meta name=\"robots\" content=\"index, follow, max-snippet:-1, max-image-preview:large, max-video-preview:-1\" \/>\n<link rel=\"canonical\" href=\"https:\/\/www.moa-soft.de\/wordpress\/ammon-software\/ammon-leistung\/\" \/>\n<meta property=\"og:locale\" content=\"de_DE\" \/>\n<meta property=\"og:type\" content=\"article\" \/>\n<meta property=\"og:title\" content=\"Kennen Sie ein ergonomisches und leistungsstarkes Maklerprogramm? - AMMON | Immobilienmaklersoftware\" \/>\n<meta property=\"og:description\" content=\"LEISTUNG Blicken Sie entspannt auf erledigte Arbeiten und Ihre Erfolge! Arbeiten Sie einfacher als andere Bei AMMON wissen Sie immer genau, wo Sie sich befinden und haben alles auf einen Blick. Sicherlich anfangs ungewohnt oder erstaunlich. Professionelle Leistungsst\u00e4rke mit einer Ansicht, die gro\u00dfartig konzipiert ist. Alles ist leicht lesbar und aufzufinden. Der \u00fcbersichtliche Programmaufbau erm\u00f6glicht Mehr Infos\" \/>\n<meta property=\"og:url\" content=\"https:\/\/www.moa-soft.de\/wordpress\/ammon-software\/ammon-leistung\/\" \/>\n<meta property=\"og:site_name\" content=\"AMMON | Immobilienmaklersoftware\" \/>\n<meta property=\"article:publisher\" content=\"https:\/\/www.facebook.com\/immobilienmaklersoftware\" \/>\n<meta property=\"article:modified_time\" content=\"2021-02-09T22:32:04+00:00\" \/>\n<meta name=\"twitter:card\" content=\"summary_large_image\" \/>\n<meta name=\"twitter:label1\" content=\"Gesch\u00e4tzte Lesezeit\" \/>\n\t<meta name=\"twitter:data1\" content=\"4\u00a0Minuten\" \/>\n<script type=\"application\/ld+json\" class=\"yoast-schema-graph\">{\"@context\":\"https:\\\/\\\/schema.org\",\"@graph\":[{\"@type\":\"WebPage\",\"@id\":\"https:\\\/\\\/www.moa-soft.de\\\/wordpress\\\/ammon-software\\\/ammon-leistung\\\/\",\"url\":\"https:\\\/\\\/www.moa-soft.de\\\/wordpress\\\/ammon-software\\\/ammon-leistung\\\/\",\"name\":\"Kennen Sie ein ergonomisches und leistungsstarkes Maklerprogramm? - AMMON | Immobilienmaklersoftware\",\"isPartOf\":{\"@id\":\"https:\\\/\\\/www.moa-soft.de\\\/wordpress\\\/#website\"},\"datePublished\":\"2017-11-02T21:19:18+00:00\",\"dateModified\":\"2021-02-09T22:32:04+00:00\",\"breadcrumb\":{\"@id\":\"https:\\\/\\\/www.moa-soft.de\\\/wordpress\\\/ammon-software\\\/ammon-leistung\\\/#breadcrumb\"},\"inLanguage\":\"de\",\"potentialAction\":[{\"@type\":\"ReadAction\",\"target\":[\"https:\\\/\\\/www.moa-soft.de\\\/wordpress\\\/ammon-software\\\/ammon-leistung\\\/\"]}]},{\"@type\":\"BreadcrumbList\",\"@id\":\"https:\\\/\\\/www.moa-soft.de\\\/wordpress\\\/ammon-software\\\/ammon-leistung\\\/#breadcrumb\",\"itemListElement\":[{\"@type\":\"ListItem\",\"position\":1,\"name\":\"Startseite\",\"item\":\"https:\\\/\\\/www.moa-soft.de\\\/wordpress\\\/\"},{\"@type\":\"ListItem\",\"position\":2,\"name\":\"A wie ALLES. Au\u00dfer gew\u00f6hnlich&#8230; die Immobiliensoftware AMMON\",\"item\":\"https:\\\/\\\/www.moa-soft.de\\\/wordpress\\\/ammon-software\\\/\"},{\"@type\":\"ListItem\",\"position\":3,\"name\":\"Kennen Sie ein ergonomisches und leistungsstarkes Maklerprogramm?\"}]},{\"@type\":\"WebSite\",\"@id\":\"https:\\\/\\\/www.moa-soft.de\\\/wordpress\\\/#website\",\"url\":\"https:\\\/\\\/www.moa-soft.de\\\/wordpress\\\/\",\"name\":\"AMMON | Immobilienmaklersoftware\",\"description\":\"Immobilien- und Maklersoftware f\u00fcr Immobilienprofis\",\"publisher\":{\"@id\":\"https:\\\/\\\/www.moa-soft.de\\\/wordpress\\\/#organization\"},\"potentialAction\":[{\"@type\":\"SearchAction\",\"target\":{\"@type\":\"EntryPoint\",\"urlTemplate\":\"https:\\\/\\\/www.moa-soft.de\\\/wordpress\\\/?s={search_term_string}\"},\"query-input\":{\"@type\":\"PropertyValueSpecification\",\"valueRequired\":true,\"valueName\":\"search_term_string\"}}],\"inLanguage\":\"de\"},{\"@type\":\"Organization\",\"@id\":\"https:\\\/\\\/www.moa-soft.de\\\/wordpress\\\/#organization\",\"name\":\"AMMON Immobilienmakler Software\",\"url\":\"https:\\\/\\\/www.moa-soft.de\\\/wordpress\\\/\",\"logo\":{\"@type\":\"ImageObject\",\"inLanguage\":\"de\",\"@id\":\"https:\\\/\\\/www.moa-soft.de\\\/wordpress\\\/#\\\/schema\\\/logo\\\/image\\\/\",\"url\":\"https:\\\/\\\/www.moa-soft.de\\\/wordpress\\\/wp-content\\\/uploads\\\/2018\\\/01\\\/cropped-ammon_appicon512.png\",\"contentUrl\":\"https:\\\/\\\/www.moa-soft.de\\\/wordpress\\\/wp-content\\\/uploads\\\/2018\\\/01\\\/cropped-ammon_appicon512.png\",\"width\":512,\"height\":512,\"caption\":\"AMMON Immobilienmakler Software\"},\"image\":{\"@id\":\"https:\\\/\\\/www.moa-soft.de\\\/wordpress\\\/#\\\/schema\\\/logo\\\/image\\\/\"},\"sameAs\":[\"https:\\\/\\\/www.facebook.com\\\/immobilienmaklersoftware\"]}]}<\/script>\n<!-- \/ Yoast SEO plugin. -->","yoast_head_json":{"title":"Kennen Sie ein ergonomisches und leistungsstarkes Maklerprogramm? - AMMON | Immobilienmaklersoftware","robots":{"index":"index","follow":"follow","max-snippet":"max-snippet:-1","max-image-preview":"max-image-preview:large","max-video-preview":"max-video-preview:-1"},"canonical":"https:\/\/www.moa-soft.de\/wordpress\/ammon-software\/ammon-leistung\/","og_locale":"de_DE","og_type":"article","og_title":"Kennen Sie ein ergonomisches und leistungsstarkes Maklerprogramm? - AMMON | Immobilienmaklersoftware","og_description":"LEISTUNG Blicken Sie entspannt auf erledigte Arbeiten und Ihre Erfolge! Arbeiten Sie einfacher als andere Bei AMMON wissen Sie immer genau, wo Sie sich befinden und haben alles auf einen Blick. Sicherlich anfangs ungewohnt oder erstaunlich. Professionelle Leistungsst\u00e4rke mit einer Ansicht, die gro\u00dfartig konzipiert ist. Alles ist leicht lesbar und aufzufinden. Der \u00fcbersichtliche Programmaufbau erm\u00f6glicht Mehr Infos","og_url":"https:\/\/www.moa-soft.de\/wordpress\/ammon-software\/ammon-leistung\/","og_site_name":"AMMON | Immobilienmaklersoftware","article_publisher":"https:\/\/www.facebook.com\/immobilienmaklersoftware","article_modified_time":"2021-02-09T22:32:04+00:00","twitter_card":"summary_large_image","twitter_misc":{"Gesch\u00e4tzte Lesezeit":"4\u00a0Minuten"},"schema":{"@context":"https:\/\/schema.org","@graph":[{"@type":"WebPage","@id":"https:\/\/www.moa-soft.de\/wordpress\/ammon-software\/ammon-leistung\/","url":"https:\/\/www.moa-soft.de\/wordpress\/ammon-software\/ammon-leistung\/","name":"Kennen Sie ein ergonomisches und leistungsstarkes Maklerprogramm? - AMMON | Immobilienmaklersoftware","isPartOf":{"@id":"https:\/\/www.moa-soft.de\/wordpress\/#website"},"datePublished":"2017-11-02T21:19:18+00:00","dateModified":"2021-02-09T22:32:04+00:00","breadcrumb":{"@id":"https:\/\/www.moa-soft.de\/wordpress\/ammon-software\/ammon-leistung\/#breadcrumb"},"inLanguage":"de","potentialAction":[{"@type":"ReadAction","target":["https:\/\/www.moa-soft.de\/wordpress\/ammon-software\/ammon-leistung\/"]}]},{"@type":"BreadcrumbList","@id":"https:\/\/www.moa-soft.de\/wordpress\/ammon-software\/ammon-leistung\/#breadcrumb","itemListElement":[{"@type":"ListItem","position":1,"name":"Startseite","item":"https:\/\/www.moa-soft.de\/wordpress\/"},{"@type":"ListItem","position":2,"name":"A wie ALLES. Au\u00dfer gew\u00f6hnlich&#8230; die Immobiliensoftware AMMON","item":"https:\/\/www.moa-soft.de\/wordpress\/ammon-software\/"},{"@type":"ListItem","position":3,"name":"Kennen Sie ein ergonomisches und leistungsstarkes Maklerprogramm?"}]},{"@type":"WebSite","@id":"https:\/\/www.moa-soft.de\/wordpress\/#website","url":"https:\/\/www.moa-soft.de\/wordpress\/","name":"AMMON | Immobilienmaklersoftware","description":"Immobilien- und Maklersoftware f\u00fcr Immobilienprofis","publisher":{"@id":"https:\/\/www.moa-soft.de\/wordpress\/#organization"},"potentialAction":[{"@type":"SearchAction","target":{"@type":"EntryPoint","urlTemplate":"https:\/\/www.moa-soft.de\/wordpress\/?s={search_term_string}"},"query-input":{"@type":"PropertyValueSpecification","valueRequired":true,"valueName":"search_term_string"}}],"inLanguage":"de"},{"@type":"Organization","@id":"https:\/\/www.moa-soft.de\/wordpress\/#organization","name":"AMMON Immobilienmakler Software","url":"https:\/\/www.moa-soft.de\/wordpress\/","logo":{"@type":"ImageObject","inLanguage":"de","@id":"https:\/\/www.moa-soft.de\/wordpress\/#\/schema\/logo\/image\/","url":"https:\/\/www.moa-soft.de\/wordpress\/wp-content\/uploads\/2018\/01\/cropped-ammon_appicon512.png","contentUrl":"https:\/\/www.moa-soft.de\/wordpress\/wp-content\/uploads\/2018\/01\/cropped-ammon_appicon512.png","width":512,"height":512,"caption":"AMMON Immobilienmakler Software"},"image":{"@id":"https:\/\/www.moa-soft.de\/wordpress\/#\/schema\/logo\/image\/"},"sameAs":["https:\/\/www.facebook.com\/immobilienmaklersoftware"]}]}},"_links":{"self":[{"href":"https:\/\/www.moa-soft.de\/wordpress\/wp-json\/wp\/v2\/pages\/1071","targetHints":{"allow":["GET"]}}],"collection":[{"href":"https:\/\/www.moa-soft.de\/wordpress\/wp-json\/wp\/v2\/pages"}],"about":[{"href":"https:\/\/www.moa-soft.de\/wordpress\/wp-json\/wp\/v2\/types\/page"}],"author":[{"embeddable":true,"href":"https:\/\/www.moa-soft.de\/wordpress\/wp-json\/wp\/v2\/users\/1"}],"replies":[{"embeddable":true,"href":"https:\/\/www.moa-soft.de\/wordpress\/wp-json\/wp\/v2\/comments?post=1071"}],"version-history":[{"count":140,"href":"https:\/\/www.moa-soft.de\/wordpress\/wp-json\/wp\/v2\/pages\/1071\/revisions"}],"predecessor-version":[{"id":3682,"href":"https:\/\/www.moa-soft.de\/wordpress\/wp-json\/wp\/v2\/pages\/1071\/revisions\/3682"}],"up":[{"embeddable":true,"href":"https:\/\/www.moa-soft.de\/wordpress\/wp-json\/wp\/v2\/pages\/1069"}],"wp:attachment":[{"href":"https:\/\/www.moa-soft.de\/wordpress\/wp-json\/wp\/v2\/media?parent=1071"}],"curies":[{"name":"wp","href":"https:\/\/api.w.org\/{rel}","templated":true}]}}