{"id":1099,"date":"2017-11-02T22:36:16","date_gmt":"2017-11-02T21:36:16","guid":{"rendered":"http:\/\/www.moa-soft.de\/wordpress\/?page_id=1099"},"modified":"2021-02-09T23:37:28","modified_gmt":"2021-02-09T22:37:28","slug":"ammon-technologie","status":"publish","type":"page","link":"https:\/\/www.moa-soft.de\/wordpress\/ammon-referenzen\/ammon-technologie\/","title":{"rendered":"Technologie und Digitalisierung"},"content":{"rendered":"<h4><span style=\"color: #002395;\">TECHNOLOGIE UND DIGITALISIERUNG<br \/>\n<\/span><\/h4>\n<h4><span style=\"color: #333333;\">Mit Leidenschaft und Engagement machen wir gute Programmierungen und entwickeln wirksame L\u00f6sungen f\u00fcr Immobilienmakler. Wir denken in M\u00f6glichkeiten statt in Grenzen. <\/span>So verbessern wir Gesch\u00e4ftsabl\u00e4ufe und machen die Beziehung zwischen uns und unseren Kunden effizienter.<\/h4>\n<h4><span style=\"color: #333333;\"><em>A<\/em>MMON begleitet Sie gerne bei jedem Schritt auf den Weg zur digitalen Transformation Ihres Maklerb\u00fcros. Sie entscheiden \u00fcber das Tempo und den Umfang.<br \/>\n<\/span><\/h4>\n<h4><span style=\"color: #002395;\">Nachfolgend finden Sie eine Auswahl unserer Technologie-Kooperationspartner:<\/span><\/h4>\n<p>&nbsp;<\/p>\n<table width=\"60%\" cellspacing=\"5\" align=\"center\">\n<tbody>\n<tr>\n<td class=\"texthead\" align=\"center\">\n<h4><img decoding=\"async\" src=\"https:\/\/www.moa-soft.de\/partner\/borland.gif\" \/><br \/>\nDelphi-Programmiersprache<\/h4>\n<hr \/>\n<\/td>\n<\/tr>\n<tr>\n<td class=\"texthead\" align=\"center\">\n<h4><img decoding=\"async\" src=\"https:\/\/www.moa-soft.de\/partner\/microsoft.gif\" \/><br \/>\nWindows Betriebssysteme, Office- Anwendungen<\/h4>\n<hr \/>\n<\/td>\n<\/tr>\n<tr>\n<td class=\"texthead\" align=\"center\"><img decoding=\"async\" src=\"https:\/\/www.moa-soft.de\/partner\/escrow.jpg\" \/><\/p>\n<hr \/>\n<\/td>\n<\/tr>\n<tr>\n<td class=\"texthead\" align=\"center\"><img decoding=\"async\" src=\"https:\/\/www.moa-soft.de\/portale\/openimmo.gif\" \/><br \/>\nInternetschnittstellen Standard<\/p>\n<hr \/>\n<\/td>\n<\/tr>\n<tr>\n<td class=\"texthead\" align=\"center\">\n<h4><img decoding=\"async\" src=\"https:\/\/www.moa-soft.de\/portale\/scout.gif\" \/><br \/>\nInternetschnittstelle<\/h4>\n<hr \/>\n<\/td>\n<\/tr>\n<tr>\n<td class=\"texthead\" align=\"center\">\n<h4><img decoding=\"async\" src=\"https:\/\/www.moa-soft.de\/partner\/tobit.gif\" \/><br \/>\nKommunikation und Faxsoftware<\/h4>\n<hr \/>\n<\/td>\n<\/tr>\n<tr>\n<td class=\"texthead\" align=\"center\">\n<h4><img decoding=\"async\" src=\"https:\/\/www.moa-soft.de\/partner\/immonex.png\" \/><br \/>\nopenimmo WordPress plugins<\/h4>\n<hr \/>\n<\/td>\n<\/tr>\n<tr>\n<td class=\"texthead\" align=\"center\">\n<h4><img decoding=\"async\" src=\"https:\/\/www.moa-soft.de\/partner\/avm.gif\" \/><br \/>\nAVM Kommunikationsl\u00f6sungen<\/h4>\n<hr \/>\n<\/td>\n<\/tr>\n<tr>\n<td class=\"texthead\" align=\"center\">\n<h4><a class=\"text\" href=\"http:\/\/www.shareware.de\">www.shareware.de<\/a><\/h4>\n<hr \/>\n<\/td>\n<\/tr>\n<tr>\n<td class=\"texthead\" align=\"center\">\n<h4><a href=\"http:\/\/www.freeload.ch\/\" target=\"_blank\" rel=\"noopener\">FreeLoad.ch &#8211; Das kostenlose Software Verzeichnis&#8220;<\/a><\/h4>\n<hr \/>\n<\/td>\n<\/tr>\n<tr>\n<td class=\"texthead\" align=\"center\">\n<h4><a href=\"http:\/\/www.seo-webkatalog.eu\">www.seo-webkatalog.eu<\/a><\/h4>\n<hr \/>\n<\/td>\n<\/tr>\n<tr>\n<td class=\"texthead\" align=\"center\">\n<h4><a href=\"http:\/\/www.allclicks.de\">www.allclicks.de<\/a><\/h4>\n<hr \/>\n<\/td>\n<\/tr>\n<\/tbody>\n<\/table>\n","protected":false},"excerpt":{"rendered":"<p>TECHNOLOGIE UND DIGITALISIERUNG Mit Leidenschaft und Engagement machen wir gute Programmierungen und entwickeln wirksame L\u00f6sungen f\u00fcr Immobilienmakler. Wir denken in M\u00f6glichkeiten statt in Grenzen. So verbessern wir Gesch\u00e4ftsabl\u00e4ufe und machen die Beziehung zwischen uns und unseren Kunden effizienter. AMMON begleitet Sie gerne bei jedem Schritt auf den Weg zur digitalen Transformation Ihres Maklerb\u00fcros. Sie entscheiden <span class=\"moretag\"><a href=\"https:\/\/www.moa-soft.de\/wordpress\/ammon-referenzen\/ammon-technologie\/\" class=\"btn btn-sm btn-primary\">Mehr Infos<\/a><\/span><\/p>\n","protected":false},"author":1,"featured_media":0,"parent":1093,"menu_order":0,"comment_status":"closed","ping_status":"closed","template":"","meta":{"footnotes":""},"class_list":["post-1099","page","type-page","status-publish","hentry"],"yoast_head":"<!-- This site is optimized with the Yoast SEO plugin v27.5 - https:\/\/yoast.com\/product\/yoast-seo-wordpress\/ -->\n<title>Technologie und Digitalisierung - AMMON | Immobilienmaklersoftware<\/title>\n<meta name=\"robots\" content=\"index, follow, max-snippet:-1, max-image-preview:large, max-video-preview:-1\" \/>\n<link rel=\"canonical\" href=\"https:\/\/www.moa-soft.de\/wordpress\/ammon-referenzen\/ammon-technologie\/\" \/>\n<meta property=\"og:locale\" content=\"de_DE\" \/>\n<meta property=\"og:type\" content=\"article\" \/>\n<meta property=\"og:title\" content=\"Technologie und Digitalisierung - AMMON | Immobilienmaklersoftware\" \/>\n<meta property=\"og:description\" content=\"TECHNOLOGIE UND DIGITALISIERUNG Mit Leidenschaft und Engagement machen wir gute Programmierungen und entwickeln wirksame L\u00f6sungen f\u00fcr Immobilienmakler. Wir denken in M\u00f6glichkeiten statt in Grenzen. So verbessern wir Gesch\u00e4ftsabl\u00e4ufe und machen die Beziehung zwischen uns und unseren Kunden effizienter. AMMON begleitet Sie gerne bei jedem Schritt auf den Weg zur digitalen Transformation Ihres Maklerb\u00fcros. Sie entscheiden Mehr Infos\" \/>\n<meta property=\"og:url\" content=\"https:\/\/www.moa-soft.de\/wordpress\/ammon-referenzen\/ammon-technologie\/\" \/>\n<meta property=\"og:site_name\" content=\"AMMON | Immobilienmaklersoftware\" \/>\n<meta property=\"article:publisher\" content=\"https:\/\/www.facebook.com\/immobilienmaklersoftware\" \/>\n<meta property=\"article:modified_time\" content=\"2021-02-09T22:37:28+00:00\" \/>\n<meta property=\"og:image\" content=\"https:\/\/www.moa-soft.de\/partner\/borland.gif\" \/>\n<meta name=\"twitter:card\" content=\"summary_large_image\" \/>\n<meta name=\"twitter:label1\" content=\"Gesch\u00e4tzte Lesezeit\" \/>\n\t<meta name=\"twitter:data1\" content=\"1\u00a0Minute\" \/>\n<script type=\"application\/ld+json\" class=\"yoast-schema-graph\">{\"@context\":\"https:\\\/\\\/schema.org\",\"@graph\":[{\"@type\":\"WebPage\",\"@id\":\"https:\\\/\\\/www.moa-soft.de\\\/wordpress\\\/ammon-referenzen\\\/ammon-technologie\\\/\",\"url\":\"https:\\\/\\\/www.moa-soft.de\\\/wordpress\\\/ammon-referenzen\\\/ammon-technologie\\\/\",\"name\":\"Technologie und Digitalisierung - AMMON | Immobilienmaklersoftware\",\"isPartOf\":{\"@id\":\"https:\\\/\\\/www.moa-soft.de\\\/wordpress\\\/#website\"},\"primaryImageOfPage\":{\"@id\":\"https:\\\/\\\/www.moa-soft.de\\\/wordpress\\\/ammon-referenzen\\\/ammon-technologie\\\/#primaryimage\"},\"image\":{\"@id\":\"https:\\\/\\\/www.moa-soft.de\\\/wordpress\\\/ammon-referenzen\\\/ammon-technologie\\\/#primaryimage\"},\"thumbnailUrl\":\"https:\\\/\\\/www.moa-soft.de\\\/partner\\\/borland.gif\",\"datePublished\":\"2017-11-02T21:36:16+00:00\",\"dateModified\":\"2021-02-09T22:37:28+00:00\",\"breadcrumb\":{\"@id\":\"https:\\\/\\\/www.moa-soft.de\\\/wordpress\\\/ammon-referenzen\\\/ammon-technologie\\\/#breadcrumb\"},\"inLanguage\":\"de\",\"potentialAction\":[{\"@type\":\"ReadAction\",\"target\":[\"https:\\\/\\\/www.moa-soft.de\\\/wordpress\\\/ammon-referenzen\\\/ammon-technologie\\\/\"]}]},{\"@type\":\"ImageObject\",\"inLanguage\":\"de\",\"@id\":\"https:\\\/\\\/www.moa-soft.de\\\/wordpress\\\/ammon-referenzen\\\/ammon-technologie\\\/#primaryimage\",\"url\":\"https:\\\/\\\/www.moa-soft.de\\\/partner\\\/borland.gif\",\"contentUrl\":\"https:\\\/\\\/www.moa-soft.de\\\/partner\\\/borland.gif\"},{\"@type\":\"BreadcrumbList\",\"@id\":\"https:\\\/\\\/www.moa-soft.de\\\/wordpress\\\/ammon-referenzen\\\/ammon-technologie\\\/#breadcrumb\",\"itemListElement\":[{\"@type\":\"ListItem\",\"position\":1,\"name\":\"Startseite\",\"item\":\"https:\\\/\\\/www.moa-soft.de\\\/wordpress\\\/\"},{\"@type\":\"ListItem\",\"position\":2,\"name\":\"Referenzen | Immobiliensoftware AMMON\",\"item\":\"https:\\\/\\\/www.moa-soft.de\\\/wordpress\\\/ammon-referenzen\\\/\"},{\"@type\":\"ListItem\",\"position\":3,\"name\":\"Technologie und Digitalisierung\"}]},{\"@type\":\"WebSite\",\"@id\":\"https:\\\/\\\/www.moa-soft.de\\\/wordpress\\\/#website\",\"url\":\"https:\\\/\\\/www.moa-soft.de\\\/wordpress\\\/\",\"name\":\"AMMON | Immobilienmaklersoftware\",\"description\":\"Immobilien- und Maklersoftware f\u00fcr Immobilienprofis\",\"publisher\":{\"@id\":\"https:\\\/\\\/www.moa-soft.de\\\/wordpress\\\/#organization\"},\"potentialAction\":[{\"@type\":\"SearchAction\",\"target\":{\"@type\":\"EntryPoint\",\"urlTemplate\":\"https:\\\/\\\/www.moa-soft.de\\\/wordpress\\\/?s={search_term_string}\"},\"query-input\":{\"@type\":\"PropertyValueSpecification\",\"valueRequired\":true,\"valueName\":\"search_term_string\"}}],\"inLanguage\":\"de\"},{\"@type\":\"Organization\",\"@id\":\"https:\\\/\\\/www.moa-soft.de\\\/wordpress\\\/#organization\",\"name\":\"AMMON Immobilienmakler Software\",\"url\":\"https:\\\/\\\/www.moa-soft.de\\\/wordpress\\\/\",\"logo\":{\"@type\":\"ImageObject\",\"inLanguage\":\"de\",\"@id\":\"https:\\\/\\\/www.moa-soft.de\\\/wordpress\\\/#\\\/schema\\\/logo\\\/image\\\/\",\"url\":\"https:\\\/\\\/www.moa-soft.de\\\/wordpress\\\/wp-content\\\/uploads\\\/2018\\\/01\\\/cropped-ammon_appicon512.png\",\"contentUrl\":\"https:\\\/\\\/www.moa-soft.de\\\/wordpress\\\/wp-content\\\/uploads\\\/2018\\\/01\\\/cropped-ammon_appicon512.png\",\"width\":512,\"height\":512,\"caption\":\"AMMON Immobilienmakler Software\"},\"image\":{\"@id\":\"https:\\\/\\\/www.moa-soft.de\\\/wordpress\\\/#\\\/schema\\\/logo\\\/image\\\/\"},\"sameAs\":[\"https:\\\/\\\/www.facebook.com\\\/immobilienmaklersoftware\"]}]}<\/script>\n<!-- \/ Yoast SEO plugin. -->","yoast_head_json":{"title":"Technologie und Digitalisierung - AMMON | Immobilienmaklersoftware","robots":{"index":"index","follow":"follow","max-snippet":"max-snippet:-1","max-image-preview":"max-image-preview:large","max-video-preview":"max-video-preview:-1"},"canonical":"https:\/\/www.moa-soft.de\/wordpress\/ammon-referenzen\/ammon-technologie\/","og_locale":"de_DE","og_type":"article","og_title":"Technologie und Digitalisierung - AMMON | Immobilienmaklersoftware","og_description":"TECHNOLOGIE UND DIGITALISIERUNG Mit Leidenschaft und Engagement machen wir gute Programmierungen und entwickeln wirksame L\u00f6sungen f\u00fcr Immobilienmakler. Wir denken in M\u00f6glichkeiten statt in Grenzen. So verbessern wir Gesch\u00e4ftsabl\u00e4ufe und machen die Beziehung zwischen uns und unseren Kunden effizienter. AMMON begleitet Sie gerne bei jedem Schritt auf den Weg zur digitalen Transformation Ihres Maklerb\u00fcros. Sie entscheiden Mehr Infos","og_url":"https:\/\/www.moa-soft.de\/wordpress\/ammon-referenzen\/ammon-technologie\/","og_site_name":"AMMON | Immobilienmaklersoftware","article_publisher":"https:\/\/www.facebook.com\/immobilienmaklersoftware","article_modified_time":"2021-02-09T22:37:28+00:00","og_image":[{"url":"https:\/\/www.moa-soft.de\/partner\/borland.gif","type":"","width":"","height":""}],"twitter_card":"summary_large_image","twitter_misc":{"Gesch\u00e4tzte Lesezeit":"1\u00a0Minute"},"schema":{"@context":"https:\/\/schema.org","@graph":[{"@type":"WebPage","@id":"https:\/\/www.moa-soft.de\/wordpress\/ammon-referenzen\/ammon-technologie\/","url":"https:\/\/www.moa-soft.de\/wordpress\/ammon-referenzen\/ammon-technologie\/","name":"Technologie und Digitalisierung - AMMON | Immobilienmaklersoftware","isPartOf":{"@id":"https:\/\/www.moa-soft.de\/wordpress\/#website"},"primaryImageOfPage":{"@id":"https:\/\/www.moa-soft.de\/wordpress\/ammon-referenzen\/ammon-technologie\/#primaryimage"},"image":{"@id":"https:\/\/www.moa-soft.de\/wordpress\/ammon-referenzen\/ammon-technologie\/#primaryimage"},"thumbnailUrl":"https:\/\/www.moa-soft.de\/partner\/borland.gif","datePublished":"2017-11-02T21:36:16+00:00","dateModified":"2021-02-09T22:37:28+00:00","breadcrumb":{"@id":"https:\/\/www.moa-soft.de\/wordpress\/ammon-referenzen\/ammon-technologie\/#breadcrumb"},"inLanguage":"de","potentialAction":[{"@type":"ReadAction","target":["https:\/\/www.moa-soft.de\/wordpress\/ammon-referenzen\/ammon-technologie\/"]}]},{"@type":"ImageObject","inLanguage":"de","@id":"https:\/\/www.moa-soft.de\/wordpress\/ammon-referenzen\/ammon-technologie\/#primaryimage","url":"https:\/\/www.moa-soft.de\/partner\/borland.gif","contentUrl":"https:\/\/www.moa-soft.de\/partner\/borland.gif"},{"@type":"BreadcrumbList","@id":"https:\/\/www.moa-soft.de\/wordpress\/ammon-referenzen\/ammon-technologie\/#breadcrumb","itemListElement":[{"@type":"ListItem","position":1,"name":"Startseite","item":"https:\/\/www.moa-soft.de\/wordpress\/"},{"@type":"ListItem","position":2,"name":"Referenzen | Immobiliensoftware AMMON","item":"https:\/\/www.moa-soft.de\/wordpress\/ammon-referenzen\/"},{"@type":"ListItem","position":3,"name":"Technologie und Digitalisierung"}]},{"@type":"WebSite","@id":"https:\/\/www.moa-soft.de\/wordpress\/#website","url":"https:\/\/www.moa-soft.de\/wordpress\/","name":"AMMON | Immobilienmaklersoftware","description":"Immobilien- und Maklersoftware f\u00fcr Immobilienprofis","publisher":{"@id":"https:\/\/www.moa-soft.de\/wordpress\/#organization"},"potentialAction":[{"@type":"SearchAction","target":{"@type":"EntryPoint","urlTemplate":"https:\/\/www.moa-soft.de\/wordpress\/?s={search_term_string}"},"query-input":{"@type":"PropertyValueSpecification","valueRequired":true,"valueName":"search_term_string"}}],"inLanguage":"de"},{"@type":"Organization","@id":"https:\/\/www.moa-soft.de\/wordpress\/#organization","name":"AMMON Immobilienmakler Software","url":"https:\/\/www.moa-soft.de\/wordpress\/","logo":{"@type":"ImageObject","inLanguage":"de","@id":"https:\/\/www.moa-soft.de\/wordpress\/#\/schema\/logo\/image\/","url":"https:\/\/www.moa-soft.de\/wordpress\/wp-content\/uploads\/2018\/01\/cropped-ammon_appicon512.png","contentUrl":"https:\/\/www.moa-soft.de\/wordpress\/wp-content\/uploads\/2018\/01\/cropped-ammon_appicon512.png","width":512,"height":512,"caption":"AMMON Immobilienmakler Software"},"image":{"@id":"https:\/\/www.moa-soft.de\/wordpress\/#\/schema\/logo\/image\/"},"sameAs":["https:\/\/www.facebook.com\/immobilienmaklersoftware"]}]}},"_links":{"self":[{"href":"https:\/\/www.moa-soft.de\/wordpress\/wp-json\/wp\/v2\/pages\/1099","targetHints":{"allow":["GET"]}}],"collection":[{"href":"https:\/\/www.moa-soft.de\/wordpress\/wp-json\/wp\/v2\/pages"}],"about":[{"href":"https:\/\/www.moa-soft.de\/wordpress\/wp-json\/wp\/v2\/types\/page"}],"author":[{"embeddable":true,"href":"https:\/\/www.moa-soft.de\/wordpress\/wp-json\/wp\/v2\/users\/1"}],"replies":[{"embeddable":true,"href":"https:\/\/www.moa-soft.de\/wordpress\/wp-json\/wp\/v2\/comments?post=1099"}],"version-history":[{"count":16,"href":"https:\/\/www.moa-soft.de\/wordpress\/wp-json\/wp\/v2\/pages\/1099\/revisions"}],"predecessor-version":[{"id":3221,"href":"https:\/\/www.moa-soft.de\/wordpress\/wp-json\/wp\/v2\/pages\/1099\/revisions\/3221"}],"up":[{"embeddable":true,"href":"https:\/\/www.moa-soft.de\/wordpress\/wp-json\/wp\/v2\/pages\/1093"}],"wp:attachment":[{"href":"https:\/\/www.moa-soft.de\/wordpress\/wp-json\/wp\/v2\/media?parent=1099"}],"curies":[{"name":"wp","href":"https:\/\/api.w.org\/{rel}","templated":true}]}}