{"id":1101,"date":"2017-11-02T22:37:06","date_gmt":"2017-11-02T21:37:06","guid":{"rendered":"http:\/\/www.moa-soft.de\/wordpress\/?page_id=1101"},"modified":"2021-02-09T23:40:23","modified_gmt":"2021-02-09T22:40:23","slug":"ammon-charity","status":"publish","type":"page","link":"https:\/\/www.moa-soft.de\/wordpress\/ammon-immobilien-maklersoftware\/ammon-charity\/","title":{"rendered":"Sind Bildung und Gesundheit der Schl\u00fcssel f\u00fcr eine kreative Zukunft mit Innovationen?"},"content":{"rendered":"<h4><span style=\"color: #002395;\">SOZIALES ENGAGEMENT<\/span><\/h4>\n<h3><span style=\"color: #00b0ad;\">Wir sind davon \u00fcberzeugt!<\/span><\/h3>\n<h4>Wir von <em>A<\/em>MMON legen hohen Wert auf Nachwuchsf\u00f6rderung. Nicht nur im eigenen Unternehmen:<\/h4>\n<h4>Kinder sind unsere Zukunft. Leider sind viele Kinder dieser Welt h\u00e4ufig Konflikten, Krankheiten und Naturkatastrophen ausgesetzt. <em>A<\/em>MMON gibt benachteiligten Kindern neue\u00a0Chancen und unterst\u00fctzt sie auf ihrem Weg in die Zukunft.<\/h4>\n<h4>Wir sichern seit Jahren im Rahmen von pers\u00f6nlichen Patenschaften dauerhaft die Entwicklung und die Bildung von Kindern aus Haiti, aus dem Sudan sowie aus Indien \u00fcber das <a href=\"https:\/\/www.plan.de\">Kinderhilfswerk Plan International e.V.<\/a>.<\/h4>\n<h4>In diesem Sinne unterst\u00fctzen wir zus\u00e4tzlich regelm\u00e4\u00dfig die Arbeit folgender Organisationen:<\/h4>\n<ul>\n<li>\n<h4><a href=\"https:\/\/www.aerzte-ohne-grenzen.de\/\">\u00c4rzte ohne Grenzen e.V.<\/a><\/h4>\n<\/li>\n<li>\n<h4><a href=\"https:\/\/www.drk.de\/\">Deutsches Rotes Kreuz<\/a><\/h4>\n<\/li>\n<li>\n<h4>Evangelische Kirche im Rheinland und von Westfalen<\/h4>\n<\/li>\n<\/ul>\n","protected":false},"excerpt":{"rendered":"<p>SOZIALES ENGAGEMENT Wir sind davon \u00fcberzeugt! Wir von AMMON legen hohen Wert auf Nachwuchsf\u00f6rderung. Nicht nur im eigenen Unternehmen: Kinder sind unsere Zukunft. Leider sind viele Kinder dieser Welt h\u00e4ufig Konflikten, Krankheiten und Naturkatastrophen ausgesetzt. AMMON gibt benachteiligten Kindern neue\u00a0Chancen und unterst\u00fctzt sie auf ihrem Weg in die Zukunft. Wir sichern seit Jahren im Rahmen <span class=\"moretag\"><a href=\"https:\/\/www.moa-soft.de\/wordpress\/ammon-immobilien-maklersoftware\/ammon-charity\/\" class=\"btn btn-sm btn-primary\">Mehr Infos<\/a><\/span><\/p>\n","protected":false},"author":1,"featured_media":0,"parent":1058,"menu_order":0,"comment_status":"closed","ping_status":"closed","template":"","meta":{"footnotes":""},"class_list":["post-1101","page","type-page","status-publish","hentry"],"yoast_head":"<!-- This site is optimized with the Yoast SEO plugin v27.5 - https:\/\/yoast.com\/product\/yoast-seo-wordpress\/ -->\n<title>Sind Bildung und Gesundheit der Schl\u00fcssel f\u00fcr eine kreative Zukunft mit Innovationen? - AMMON | Immobilienmaklersoftware<\/title>\n<meta name=\"robots\" content=\"index, follow, max-snippet:-1, max-image-preview:large, max-video-preview:-1\" \/>\n<link rel=\"canonical\" href=\"https:\/\/www.moa-soft.de\/wordpress\/ammon-home\/ammon-charity\/\" \/>\n<meta property=\"og:locale\" content=\"de_DE\" \/>\n<meta property=\"og:type\" content=\"article\" \/>\n<meta property=\"og:title\" content=\"Sind Bildung und Gesundheit der Schl\u00fcssel f\u00fcr eine kreative Zukunft mit Innovationen? - AMMON | Immobilienmaklersoftware\" \/>\n<meta property=\"og:description\" content=\"SOZIALES ENGAGEMENT Wir sind davon \u00fcberzeugt! Wir von AMMON legen hohen Wert auf Nachwuchsf\u00f6rderung. Nicht nur im eigenen Unternehmen: Kinder sind unsere Zukunft. Leider sind viele Kinder dieser Welt h\u00e4ufig Konflikten, Krankheiten und Naturkatastrophen ausgesetzt. AMMON gibt benachteiligten Kindern neue\u00a0Chancen und unterst\u00fctzt sie auf ihrem Weg in die Zukunft. Wir sichern seit Jahren im Rahmen Mehr Infos\" \/>\n<meta property=\"og:url\" content=\"https:\/\/www.moa-soft.de\/wordpress\/ammon-home\/ammon-charity\/\" \/>\n<meta property=\"og:site_name\" content=\"AMMON | Immobilienmaklersoftware\" \/>\n<meta property=\"article:publisher\" content=\"https:\/\/www.facebook.com\/immobilienmaklersoftware\" \/>\n<meta property=\"article:modified_time\" content=\"2021-02-09T22:40:23+00:00\" \/>\n<meta name=\"twitter:card\" content=\"summary_large_image\" \/>\n<meta name=\"twitter:label1\" content=\"Gesch\u00e4tzte Lesezeit\" \/>\n\t<meta name=\"twitter:data1\" content=\"1\u00a0Minute\" \/>\n<script type=\"application\/ld+json\" class=\"yoast-schema-graph\">{\"@context\":\"https:\\\/\\\/schema.org\",\"@graph\":[{\"@type\":\"WebPage\",\"@id\":\"https:\\\/\\\/www.moa-soft.de\\\/wordpress\\\/ammon-home\\\/ammon-charity\\\/\",\"url\":\"https:\\\/\\\/www.moa-soft.de\\\/wordpress\\\/ammon-home\\\/ammon-charity\\\/\",\"name\":\"Sind Bildung und Gesundheit der Schl\u00fcssel f\u00fcr eine kreative Zukunft mit Innovationen? - AMMON | Immobilienmaklersoftware\",\"isPartOf\":{\"@id\":\"https:\\\/\\\/www.moa-soft.de\\\/wordpress\\\/#website\"},\"datePublished\":\"2017-11-02T21:37:06+00:00\",\"dateModified\":\"2021-02-09T22:40:23+00:00\",\"breadcrumb\":{\"@id\":\"https:\\\/\\\/www.moa-soft.de\\\/wordpress\\\/ammon-home\\\/ammon-charity\\\/#breadcrumb\"},\"inLanguage\":\"de\",\"potentialAction\":[{\"@type\":\"ReadAction\",\"target\":[\"https:\\\/\\\/www.moa-soft.de\\\/wordpress\\\/ammon-home\\\/ammon-charity\\\/\"]}]},{\"@type\":\"BreadcrumbList\",\"@id\":\"https:\\\/\\\/www.moa-soft.de\\\/wordpress\\\/ammon-home\\\/ammon-charity\\\/#breadcrumb\",\"itemListElement\":[{\"@type\":\"ListItem\",\"position\":1,\"name\":\"Startseite\",\"item\":\"https:\\\/\\\/www.moa-soft.de\\\/wordpress\\\/\"},{\"@type\":\"ListItem\",\"position\":2,\"name\":\"AMMON die Immobilien-Maklersoftware f\u00fcr Immobilienprofis\",\"item\":\"https:\\\/\\\/www.moa-soft.de\\\/wordpress\\\/\"},{\"@type\":\"ListItem\",\"position\":3,\"name\":\"Sind Bildung und Gesundheit der Schl\u00fcssel f\u00fcr eine kreative Zukunft mit Innovationen?\"}]},{\"@type\":\"WebSite\",\"@id\":\"https:\\\/\\\/www.moa-soft.de\\\/wordpress\\\/#website\",\"url\":\"https:\\\/\\\/www.moa-soft.de\\\/wordpress\\\/\",\"name\":\"AMMON | Immobilienmaklersoftware\",\"description\":\"Immobilien- und Maklersoftware f\u00fcr Immobilienprofis\",\"publisher\":{\"@id\":\"https:\\\/\\\/www.moa-soft.de\\\/wordpress\\\/#organization\"},\"potentialAction\":[{\"@type\":\"SearchAction\",\"target\":{\"@type\":\"EntryPoint\",\"urlTemplate\":\"https:\\\/\\\/www.moa-soft.de\\\/wordpress\\\/?s={search_term_string}\"},\"query-input\":{\"@type\":\"PropertyValueSpecification\",\"valueRequired\":true,\"valueName\":\"search_term_string\"}}],\"inLanguage\":\"de\"},{\"@type\":\"Organization\",\"@id\":\"https:\\\/\\\/www.moa-soft.de\\\/wordpress\\\/#organization\",\"name\":\"AMMON Immobilienmakler Software\",\"url\":\"https:\\\/\\\/www.moa-soft.de\\\/wordpress\\\/\",\"logo\":{\"@type\":\"ImageObject\",\"inLanguage\":\"de\",\"@id\":\"https:\\\/\\\/www.moa-soft.de\\\/wordpress\\\/#\\\/schema\\\/logo\\\/image\\\/\",\"url\":\"https:\\\/\\\/www.moa-soft.de\\\/wordpress\\\/wp-content\\\/uploads\\\/2018\\\/01\\\/cropped-ammon_appicon512.png\",\"contentUrl\":\"https:\\\/\\\/www.moa-soft.de\\\/wordpress\\\/wp-content\\\/uploads\\\/2018\\\/01\\\/cropped-ammon_appicon512.png\",\"width\":512,\"height\":512,\"caption\":\"AMMON Immobilienmakler Software\"},\"image\":{\"@id\":\"https:\\\/\\\/www.moa-soft.de\\\/wordpress\\\/#\\\/schema\\\/logo\\\/image\\\/\"},\"sameAs\":[\"https:\\\/\\\/www.facebook.com\\\/immobilienmaklersoftware\"]}]}<\/script>\n<!-- \/ Yoast SEO plugin. -->","yoast_head_json":{"title":"Sind Bildung und Gesundheit der Schl\u00fcssel f\u00fcr eine kreative Zukunft mit Innovationen? - AMMON | Immobilienmaklersoftware","robots":{"index":"index","follow":"follow","max-snippet":"max-snippet:-1","max-image-preview":"max-image-preview:large","max-video-preview":"max-video-preview:-1"},"canonical":"https:\/\/www.moa-soft.de\/wordpress\/ammon-home\/ammon-charity\/","og_locale":"de_DE","og_type":"article","og_title":"Sind Bildung und Gesundheit der Schl\u00fcssel f\u00fcr eine kreative Zukunft mit Innovationen? - AMMON | Immobilienmaklersoftware","og_description":"SOZIALES ENGAGEMENT Wir sind davon \u00fcberzeugt! Wir von AMMON legen hohen Wert auf Nachwuchsf\u00f6rderung. Nicht nur im eigenen Unternehmen: Kinder sind unsere Zukunft. Leider sind viele Kinder dieser Welt h\u00e4ufig Konflikten, Krankheiten und Naturkatastrophen ausgesetzt. AMMON gibt benachteiligten Kindern neue\u00a0Chancen und unterst\u00fctzt sie auf ihrem Weg in die Zukunft. Wir sichern seit Jahren im Rahmen Mehr Infos","og_url":"https:\/\/www.moa-soft.de\/wordpress\/ammon-home\/ammon-charity\/","og_site_name":"AMMON | Immobilienmaklersoftware","article_publisher":"https:\/\/www.facebook.com\/immobilienmaklersoftware","article_modified_time":"2021-02-09T22:40:23+00:00","twitter_card":"summary_large_image","twitter_misc":{"Gesch\u00e4tzte Lesezeit":"1\u00a0Minute"},"schema":{"@context":"https:\/\/schema.org","@graph":[{"@type":"WebPage","@id":"https:\/\/www.moa-soft.de\/wordpress\/ammon-home\/ammon-charity\/","url":"https:\/\/www.moa-soft.de\/wordpress\/ammon-home\/ammon-charity\/","name":"Sind Bildung und Gesundheit der Schl\u00fcssel f\u00fcr eine kreative Zukunft mit Innovationen? - AMMON | Immobilienmaklersoftware","isPartOf":{"@id":"https:\/\/www.moa-soft.de\/wordpress\/#website"},"datePublished":"2017-11-02T21:37:06+00:00","dateModified":"2021-02-09T22:40:23+00:00","breadcrumb":{"@id":"https:\/\/www.moa-soft.de\/wordpress\/ammon-home\/ammon-charity\/#breadcrumb"},"inLanguage":"de","potentialAction":[{"@type":"ReadAction","target":["https:\/\/www.moa-soft.de\/wordpress\/ammon-home\/ammon-charity\/"]}]},{"@type":"BreadcrumbList","@id":"https:\/\/www.moa-soft.de\/wordpress\/ammon-home\/ammon-charity\/#breadcrumb","itemListElement":[{"@type":"ListItem","position":1,"name":"Startseite","item":"https:\/\/www.moa-soft.de\/wordpress\/"},{"@type":"ListItem","position":2,"name":"AMMON die Immobilien-Maklersoftware f\u00fcr Immobilienprofis","item":"https:\/\/www.moa-soft.de\/wordpress\/"},{"@type":"ListItem","position":3,"name":"Sind Bildung und Gesundheit der Schl\u00fcssel f\u00fcr eine kreative Zukunft mit Innovationen?"}]},{"@type":"WebSite","@id":"https:\/\/www.moa-soft.de\/wordpress\/#website","url":"https:\/\/www.moa-soft.de\/wordpress\/","name":"AMMON | Immobilienmaklersoftware","description":"Immobilien- und Maklersoftware f\u00fcr Immobilienprofis","publisher":{"@id":"https:\/\/www.moa-soft.de\/wordpress\/#organization"},"potentialAction":[{"@type":"SearchAction","target":{"@type":"EntryPoint","urlTemplate":"https:\/\/www.moa-soft.de\/wordpress\/?s={search_term_string}"},"query-input":{"@type":"PropertyValueSpecification","valueRequired":true,"valueName":"search_term_string"}}],"inLanguage":"de"},{"@type":"Organization","@id":"https:\/\/www.moa-soft.de\/wordpress\/#organization","name":"AMMON Immobilienmakler Software","url":"https:\/\/www.moa-soft.de\/wordpress\/","logo":{"@type":"ImageObject","inLanguage":"de","@id":"https:\/\/www.moa-soft.de\/wordpress\/#\/schema\/logo\/image\/","url":"https:\/\/www.moa-soft.de\/wordpress\/wp-content\/uploads\/2018\/01\/cropped-ammon_appicon512.png","contentUrl":"https:\/\/www.moa-soft.de\/wordpress\/wp-content\/uploads\/2018\/01\/cropped-ammon_appicon512.png","width":512,"height":512,"caption":"AMMON Immobilienmakler Software"},"image":{"@id":"https:\/\/www.moa-soft.de\/wordpress\/#\/schema\/logo\/image\/"},"sameAs":["https:\/\/www.facebook.com\/immobilienmaklersoftware"]}]}},"_links":{"self":[{"href":"https:\/\/www.moa-soft.de\/wordpress\/wp-json\/wp\/v2\/pages\/1101","targetHints":{"allow":["GET"]}}],"collection":[{"href":"https:\/\/www.moa-soft.de\/wordpress\/wp-json\/wp\/v2\/pages"}],"about":[{"href":"https:\/\/www.moa-soft.de\/wordpress\/wp-json\/wp\/v2\/types\/page"}],"author":[{"embeddable":true,"href":"https:\/\/www.moa-soft.de\/wordpress\/wp-json\/wp\/v2\/users\/1"}],"replies":[{"embeddable":true,"href":"https:\/\/www.moa-soft.de\/wordpress\/wp-json\/wp\/v2\/comments?post=1101"}],"version-history":[{"count":37,"href":"https:\/\/www.moa-soft.de\/wordpress\/wp-json\/wp\/v2\/pages\/1101\/revisions"}],"predecessor-version":[{"id":3601,"href":"https:\/\/www.moa-soft.de\/wordpress\/wp-json\/wp\/v2\/pages\/1101\/revisions\/3601"}],"up":[{"embeddable":true,"href":"https:\/\/www.moa-soft.de\/wordpress\/wp-json\/wp\/v2\/pages\/1058"}],"wp:attachment":[{"href":"https:\/\/www.moa-soft.de\/wordpress\/wp-json\/wp\/v2\/media?parent=1101"}],"curies":[{"name":"wp","href":"https:\/\/api.w.org\/{rel}","templated":true}]}}