{"id":1246,"date":"2017-12-20T22:34:09","date_gmt":"2017-12-20T21:34:09","guid":{"rendered":"http:\/\/www.moa-soft.de\/wordpress\/?page_id=1246"},"modified":"2021-02-09T23:35:01","modified_gmt":"2021-02-09T22:35:01","slug":"ammon-kontakt","status":"publish","type":"page","link":"https:\/\/www.moa-soft.de\/wordpress\/ammon-kontakt\/","title":{"rendered":"Was beinhaltet unser Anwenderservice?"},"content":{"rendered":"<h4><span style=\"color: #002395;\">SERVICE<\/span><\/h4>\n<h4 class=\"content-box\"><span style=\"color: #002395;\">Hinter Ihrem <em>A<\/em>MMON steckt ein starkes Team.<\/span><\/h4>\n<h4><span style=\"color: #002395;\">Zu haben Fragen zu Ihrer Immobilien- und Maklersoftware von <em>A<\/em>MMON? Wir sind f\u00fcr Sie da!<\/span><\/h4>\n<h4>Der Service f\u00fcr unsere Anwender umfasst Support, Technik und unternehmenspezifische Dienstleistungen:<\/h4>\n<p>&nbsp;<\/p>\n<h4><span style=\"color: #00b0ad;\">Support-Service<\/span><\/h4>\n<ul>\n<li>\n<h5>Kostenloser telefonischer Support<\/h5>\n<\/li>\n<li>\n<h5>Anfragen 24\/7 und kostenloser E-Mail-Support \u00fcber <a href=\"mailto:support@moa-soft.de\">support@moa-soft.de<\/a><\/h5>\n<\/li>\n<li>\n<h5>Kostenloser Support direkt aus dem <em>A<\/em>MMON Programm heraus<\/h5>\n<\/li>\n<li>\n<h5>Schnelle Reaktionen und zuverl\u00e4ssige L\u00f6sungen mit R\u00fcckruf<\/h5>\n<\/li>\n<li>\n<h5>Vereinbaren von festen, planbaren Terminen inklusive<\/h5>\n<\/li>\n<li>\n<h5>Kostenlose Fernwartung<\/h5>\n<\/li>\n<li>\n<h5>Onlinehilfen, die st\u00e4ndig mit Neuheiten aktualisiert werden<\/h5>\n<\/li>\n<\/ul>\n<p>&nbsp;<\/p>\n<h4><span style=\"color: #00b0ad;\">Technischer Service<\/span><\/h4>\n<ul>\n<li>\n<h5>Kostenlose technische Programmbetreuung<\/h5>\n<\/li>\n<li>\n<h5>Kostenloser Installationsservice<\/h5>\n<\/li>\n<li>\n<h5>Kostenlose Updates und Releases<\/h5>\n<\/li>\n<li>\n<h5>Kostenlose Einrichtung von Portalschnittstellen<\/h5>\n<\/li>\n<li>\n<h5>Kostenlose Einrichtung unserer individuellen Programmdefinitionen<\/h5>\n<\/li>\n<li>\n<h5>Hosting Ihres Terminal- bzw. Cloud-Servers<\/h5>\n<\/li>\n<li>\n<h5><em>A<\/em>MMON Maklerhomepage mit Immobilien-Modul<\/h5>\n<\/li>\n<\/ul>\n<p>&nbsp;<\/p>\n<h4><span style=\"color: #00b0ad;\">Unternehmensspezifischer Service<\/span><\/h4>\n<ul>\n<li>\n<h5>\u00dcbernahmen von Daten mit wichtigen Details aus bestehender Datenbank \/ Software \/ Tabellen<\/h5>\n<\/li>\n<li>\n<h5>Individuelle Gestaltung von Gesch\u00e4ftsvorlagen (Gesch\u00e4ftsbrief, HTML-Mails, Expos\u00e9s, Newsletter) mit Serienfunktion<\/h5>\n<\/li>\n<li>\n<h5>Integration von Automatisierungsfunktionen f\u00fcr MS Word, Publisher und PowerPoint<\/h5>\n<\/li>\n<li>\n<h5>Inhouse-Schulungen sowie externe Seminare<\/h5>\n<\/li>\n<li>\n<h5>Entwicklung von unternehmensspezifischen Zusatzmodulen<\/h5>\n<\/li>\n<li>\n<h5>Pers\u00f6nliche Prozessbegleitung<\/h5>\n<\/li>\n<\/ul>\n","protected":false},"excerpt":{"rendered":"<p>SERVICE Hinter Ihrem AMMON steckt ein starkes Team. Zu haben Fragen zu Ihrer Immobilien- und Maklersoftware von AMMON? Wir sind f\u00fcr Sie da! Der Service f\u00fcr unsere Anwender umfasst Support, Technik und unternehmenspezifische Dienstleistungen: &nbsp; Support-Service Kostenloser telefonischer Support Anfragen 24\/7 und kostenloser E-Mail-Support \u00fcber support@moa-soft.de Kostenloser Support direkt aus dem AMMON Programm heraus Schnelle <span class=\"moretag\"><a href=\"https:\/\/www.moa-soft.de\/wordpress\/ammon-kontakt\/\" class=\"btn btn-sm btn-primary\">Mehr Infos<\/a><\/span><\/p>\n","protected":false},"author":1,"featured_media":0,"parent":0,"menu_order":0,"comment_status":"closed","ping_status":"closed","template":"","meta":{"footnotes":""},"class_list":["post-1246","page","type-page","status-publish","hentry"],"yoast_head":"<!-- This site is optimized with the Yoast SEO plugin v27.5 - https:\/\/yoast.com\/product\/yoast-seo-wordpress\/ -->\n<title>Was beinhaltet unser Anwenderservice? - AMMON | Immobilienmaklersoftware<\/title>\n<meta name=\"robots\" content=\"index, follow, max-snippet:-1, max-image-preview:large, max-video-preview:-1\" \/>\n<link rel=\"canonical\" href=\"https:\/\/www.moa-soft.de\/wordpress\/ammon-kontakt\/\" \/>\n<meta property=\"og:locale\" content=\"de_DE\" \/>\n<meta property=\"og:type\" content=\"article\" \/>\n<meta property=\"og:title\" content=\"Was beinhaltet unser Anwenderservice? - AMMON | Immobilienmaklersoftware\" \/>\n<meta property=\"og:description\" content=\"SERVICE Hinter Ihrem AMMON steckt ein starkes Team. Zu haben Fragen zu Ihrer Immobilien- und Maklersoftware von AMMON? Wir sind f\u00fcr Sie da! Der Service f\u00fcr unsere Anwender umfasst Support, Technik und unternehmenspezifische Dienstleistungen: &nbsp; Support-Service Kostenloser telefonischer Support Anfragen 24\/7 und kostenloser E-Mail-Support \u00fcber support@moa-soft.de Kostenloser Support direkt aus dem AMMON Programm heraus Schnelle Mehr Infos\" \/>\n<meta property=\"og:url\" content=\"https:\/\/www.moa-soft.de\/wordpress\/ammon-kontakt\/\" \/>\n<meta property=\"og:site_name\" content=\"AMMON | Immobilienmaklersoftware\" \/>\n<meta property=\"article:publisher\" content=\"https:\/\/www.facebook.com\/immobilienmaklersoftware\" \/>\n<meta property=\"article:modified_time\" content=\"2021-02-09T22:35:01+00:00\" \/>\n<meta name=\"twitter:card\" content=\"summary_large_image\" \/>\n<meta name=\"twitter:label1\" content=\"Gesch\u00e4tzte Lesezeit\" \/>\n\t<meta name=\"twitter:data1\" content=\"1\u00a0Minute\" \/>\n<script type=\"application\/ld+json\" class=\"yoast-schema-graph\">{\"@context\":\"https:\\\/\\\/schema.org\",\"@graph\":[{\"@type\":\"WebPage\",\"@id\":\"https:\\\/\\\/www.moa-soft.de\\\/wordpress\\\/ammon-kontakt\\\/\",\"url\":\"https:\\\/\\\/www.moa-soft.de\\\/wordpress\\\/ammon-kontakt\\\/\",\"name\":\"Was beinhaltet unser Anwenderservice? - AMMON | Immobilienmaklersoftware\",\"isPartOf\":{\"@id\":\"https:\\\/\\\/www.moa-soft.de\\\/wordpress\\\/#website\"},\"datePublished\":\"2017-12-20T21:34:09+00:00\",\"dateModified\":\"2021-02-09T22:35:01+00:00\",\"breadcrumb\":{\"@id\":\"https:\\\/\\\/www.moa-soft.de\\\/wordpress\\\/ammon-kontakt\\\/#breadcrumb\"},\"inLanguage\":\"de\",\"potentialAction\":[{\"@type\":\"ReadAction\",\"target\":[\"https:\\\/\\\/www.moa-soft.de\\\/wordpress\\\/ammon-kontakt\\\/\"]}]},{\"@type\":\"BreadcrumbList\",\"@id\":\"https:\\\/\\\/www.moa-soft.de\\\/wordpress\\\/ammon-kontakt\\\/#breadcrumb\",\"itemListElement\":[{\"@type\":\"ListItem\",\"position\":1,\"name\":\"Startseite\",\"item\":\"https:\\\/\\\/www.moa-soft.de\\\/wordpress\\\/\"},{\"@type\":\"ListItem\",\"position\":2,\"name\":\"Was beinhaltet unser Anwenderservice?\"}]},{\"@type\":\"WebSite\",\"@id\":\"https:\\\/\\\/www.moa-soft.de\\\/wordpress\\\/#website\",\"url\":\"https:\\\/\\\/www.moa-soft.de\\\/wordpress\\\/\",\"name\":\"AMMON | Immobilienmaklersoftware\",\"description\":\"Immobilien- und Maklersoftware f\u00fcr Immobilienprofis\",\"publisher\":{\"@id\":\"https:\\\/\\\/www.moa-soft.de\\\/wordpress\\\/#organization\"},\"potentialAction\":[{\"@type\":\"SearchAction\",\"target\":{\"@type\":\"EntryPoint\",\"urlTemplate\":\"https:\\\/\\\/www.moa-soft.de\\\/wordpress\\\/?s={search_term_string}\"},\"query-input\":{\"@type\":\"PropertyValueSpecification\",\"valueRequired\":true,\"valueName\":\"search_term_string\"}}],\"inLanguage\":\"de\"},{\"@type\":\"Organization\",\"@id\":\"https:\\\/\\\/www.moa-soft.de\\\/wordpress\\\/#organization\",\"name\":\"AMMON Immobilienmakler Software\",\"url\":\"https:\\\/\\\/www.moa-soft.de\\\/wordpress\\\/\",\"logo\":{\"@type\":\"ImageObject\",\"inLanguage\":\"de\",\"@id\":\"https:\\\/\\\/www.moa-soft.de\\\/wordpress\\\/#\\\/schema\\\/logo\\\/image\\\/\",\"url\":\"https:\\\/\\\/www.moa-soft.de\\\/wordpress\\\/wp-content\\\/uploads\\\/2018\\\/01\\\/cropped-ammon_appicon512.png\",\"contentUrl\":\"https:\\\/\\\/www.moa-soft.de\\\/wordpress\\\/wp-content\\\/uploads\\\/2018\\\/01\\\/cropped-ammon_appicon512.png\",\"width\":512,\"height\":512,\"caption\":\"AMMON Immobilienmakler Software\"},\"image\":{\"@id\":\"https:\\\/\\\/www.moa-soft.de\\\/wordpress\\\/#\\\/schema\\\/logo\\\/image\\\/\"},\"sameAs\":[\"https:\\\/\\\/www.facebook.com\\\/immobilienmaklersoftware\"]}]}<\/script>\n<!-- \/ Yoast SEO plugin. -->","yoast_head_json":{"title":"Was beinhaltet unser Anwenderservice? - AMMON | Immobilienmaklersoftware","robots":{"index":"index","follow":"follow","max-snippet":"max-snippet:-1","max-image-preview":"max-image-preview:large","max-video-preview":"max-video-preview:-1"},"canonical":"https:\/\/www.moa-soft.de\/wordpress\/ammon-kontakt\/","og_locale":"de_DE","og_type":"article","og_title":"Was beinhaltet unser Anwenderservice? - AMMON | Immobilienmaklersoftware","og_description":"SERVICE Hinter Ihrem AMMON steckt ein starkes Team. Zu haben Fragen zu Ihrer Immobilien- und Maklersoftware von AMMON? Wir sind f\u00fcr Sie da! Der Service f\u00fcr unsere Anwender umfasst Support, Technik und unternehmenspezifische Dienstleistungen: &nbsp; Support-Service Kostenloser telefonischer Support Anfragen 24\/7 und kostenloser E-Mail-Support \u00fcber support@moa-soft.de Kostenloser Support direkt aus dem AMMON Programm heraus Schnelle Mehr Infos","og_url":"https:\/\/www.moa-soft.de\/wordpress\/ammon-kontakt\/","og_site_name":"AMMON | Immobilienmaklersoftware","article_publisher":"https:\/\/www.facebook.com\/immobilienmaklersoftware","article_modified_time":"2021-02-09T22:35:01+00:00","twitter_card":"summary_large_image","twitter_misc":{"Gesch\u00e4tzte Lesezeit":"1\u00a0Minute"},"schema":{"@context":"https:\/\/schema.org","@graph":[{"@type":"WebPage","@id":"https:\/\/www.moa-soft.de\/wordpress\/ammon-kontakt\/","url":"https:\/\/www.moa-soft.de\/wordpress\/ammon-kontakt\/","name":"Was beinhaltet unser Anwenderservice? - AMMON | Immobilienmaklersoftware","isPartOf":{"@id":"https:\/\/www.moa-soft.de\/wordpress\/#website"},"datePublished":"2017-12-20T21:34:09+00:00","dateModified":"2021-02-09T22:35:01+00:00","breadcrumb":{"@id":"https:\/\/www.moa-soft.de\/wordpress\/ammon-kontakt\/#breadcrumb"},"inLanguage":"de","potentialAction":[{"@type":"ReadAction","target":["https:\/\/www.moa-soft.de\/wordpress\/ammon-kontakt\/"]}]},{"@type":"BreadcrumbList","@id":"https:\/\/www.moa-soft.de\/wordpress\/ammon-kontakt\/#breadcrumb","itemListElement":[{"@type":"ListItem","position":1,"name":"Startseite","item":"https:\/\/www.moa-soft.de\/wordpress\/"},{"@type":"ListItem","position":2,"name":"Was beinhaltet unser Anwenderservice?"}]},{"@type":"WebSite","@id":"https:\/\/www.moa-soft.de\/wordpress\/#website","url":"https:\/\/www.moa-soft.de\/wordpress\/","name":"AMMON | Immobilienmaklersoftware","description":"Immobilien- und Maklersoftware f\u00fcr Immobilienprofis","publisher":{"@id":"https:\/\/www.moa-soft.de\/wordpress\/#organization"},"potentialAction":[{"@type":"SearchAction","target":{"@type":"EntryPoint","urlTemplate":"https:\/\/www.moa-soft.de\/wordpress\/?s={search_term_string}"},"query-input":{"@type":"PropertyValueSpecification","valueRequired":true,"valueName":"search_term_string"}}],"inLanguage":"de"},{"@type":"Organization","@id":"https:\/\/www.moa-soft.de\/wordpress\/#organization","name":"AMMON Immobilienmakler Software","url":"https:\/\/www.moa-soft.de\/wordpress\/","logo":{"@type":"ImageObject","inLanguage":"de","@id":"https:\/\/www.moa-soft.de\/wordpress\/#\/schema\/logo\/image\/","url":"https:\/\/www.moa-soft.de\/wordpress\/wp-content\/uploads\/2018\/01\/cropped-ammon_appicon512.png","contentUrl":"https:\/\/www.moa-soft.de\/wordpress\/wp-content\/uploads\/2018\/01\/cropped-ammon_appicon512.png","width":512,"height":512,"caption":"AMMON Immobilienmakler Software"},"image":{"@id":"https:\/\/www.moa-soft.de\/wordpress\/#\/schema\/logo\/image\/"},"sameAs":["https:\/\/www.facebook.com\/immobilienmaklersoftware"]}]}},"_links":{"self":[{"href":"https:\/\/www.moa-soft.de\/wordpress\/wp-json\/wp\/v2\/pages\/1246","targetHints":{"allow":["GET"]}}],"collection":[{"href":"https:\/\/www.moa-soft.de\/wordpress\/wp-json\/wp\/v2\/pages"}],"about":[{"href":"https:\/\/www.moa-soft.de\/wordpress\/wp-json\/wp\/v2\/types\/page"}],"author":[{"embeddable":true,"href":"https:\/\/www.moa-soft.de\/wordpress\/wp-json\/wp\/v2\/users\/1"}],"replies":[{"embeddable":true,"href":"https:\/\/www.moa-soft.de\/wordpress\/wp-json\/wp\/v2\/comments?post=1246"}],"version-history":[{"count":41,"href":"https:\/\/www.moa-soft.de\/wordpress\/wp-json\/wp\/v2\/pages\/1246\/revisions"}],"predecessor-version":[{"id":3631,"href":"https:\/\/www.moa-soft.de\/wordpress\/wp-json\/wp\/v2\/pages\/1246\/revisions\/3631"}],"wp:attachment":[{"href":"https:\/\/www.moa-soft.de\/wordpress\/wp-json\/wp\/v2\/media?parent=1246"}],"curies":[{"name":"wp","href":"https:\/\/api.w.org\/{rel}","templated":true}]}}