{"id":1375,"date":"2017-12-22T07:59:09","date_gmt":"2017-12-22T06:59:09","guid":{"rendered":"http:\/\/www.moa-soft.de\/wordpress\/?page_id=1375"},"modified":"2021-02-09T23:33:34","modified_gmt":"2021-02-09T22:33:34","slug":"gute-gruende","status":"publish","type":"page","link":"https:\/\/www.moa-soft.de\/wordpress\/ammon-software\/gute-gruende\/","title":{"rendered":"Warum Kunden unsere Softwarel\u00f6sung zur Immobilienvermittlung bevorzugen?"},"content":{"rendered":"<h4><span style=\"color: #002395;\">GUTE GR\u00dcNDE<\/span><\/h4>\n<h4><span style=\"color: #00b0ad;\">Das spricht f\u00fcr <em>A<\/em>MMON:<br \/>\n<\/span><\/h4>\n<h4><span style=\"color: #00b0ad;\">WEIL <\/span><span style=\"color: #002395;\"><em>A<\/em>MMON zeitsparend arbeitet&#8230;<br \/>\nPersonen und Immobilienobjekte brauchen nur 1 einziges Mal erfasst werden und das funktioniert sogar automatisch.<br \/>\n<\/span><\/h4>\n<h4>Zeit ist wertvoll und mit <em>A<\/em>MMON k\u00f6nnen Sie sich besser auf das Verkaufen konzentrieren:<\/h4>\n<ul>\n<li>\n<h4>Mit nur 1 Klick Anfragen von Interessenten, die \u00fcber ein Immobilienportal kommen, automatisch anlegen lassen (mit Kontaktdaten, Anfrage-E-Mail, Suchprofil, Objektbezug und automatische Nachweisf\u00fchrung sowie Wiedervorlage).<\/h4>\n<\/li>\n<li>\n<h4>Mit nur 1 Klick Ihre Immobilienobjekte mit allen Daten, Texten und Bildern in <em>A<\/em>MMON importieren.<\/h4>\n<\/li>\n<li>\n<h4>Mit nur 1 Klick Ihre gesamten Immobilien in alle Immobilienportale einstellen.<\/h4>\n<\/li>\n<li>\n<h4>Mit nur 1 Klick automatische Selektionsabgleiche f\u00fcr das Suchprofil des Interessenten durchf\u00fchren.<\/h4>\n<\/li>\n<li>\n<h4>Mit nur 1 Klick automatische Selektionsabgleiche f\u00fcr das Objektprofil mit Interessenten durchf\u00fchren.<\/h4>\n<\/li>\n<li>\n<h4>Mit nur 1 Klick nach Objektverkauf den noch weiterhin suchenden Interessenten ein vergleichbares Immobilienobjekt anbieten.<\/h4>\n<\/li>\n<li>\n<h4>Mit nur 1 Klick pers\u00f6nlich definierte Textbausteine (z.B. Lagebeschreibung) f\u00fcr das Expos\u00e9 integrieren.<\/h4>\n<\/li>\n<li>\n<h4>Mit nur 1 Klick Ihr pers\u00f6nliches Expos\u00e9 an beliebig viele Interessenten mit pers\u00f6nlicher Anrede versenden.<\/h4>\n<\/li>\n<li>\n<h4>Mit nur 1 Klick Datens\u00e4tze mit allen Details duplizieren (z.B. Objekt mit Daten, Texten und Bildern).<\/h4>\n<\/li>\n<li>\n<h4>Mit nur 1 Klick doppelte Datens\u00e4tze inklusive Nachweise zusammenf\u00fchren.<\/h4>\n<\/li>\n<li>\n<h4>Mit nur 1 Klick die Kontaktpflege zu Ihren Kunden inklusive Nachweisf\u00fchrung auffrischen.<\/h4>\n<\/li>\n<li>\n<h4>Mit nur 1 Klick Seriennachweise verbuchen lassen.<\/h4>\n<\/li>\n<li>\n<h4>Mit nur 1 Klick Ihre Kundendatens\u00e4tze automatisch aktualisieren lassen.<\/h4>\n<\/li>\n<\/ul>\n<h4>&#8230; und viele weitere 1-Klick-Vorg\u00e4nge mehr, die Ihnen Komfort bieten und mit denen Sie viel Zeit f\u00fcr das Wesentliche gewinnen.<\/h4>\n<p>&nbsp;<\/p>\n<h4><span style=\"color: #00b0ad;\">WEIL <\/span><span style=\"color: #002395;\"><em>A<\/em>MMON st\u00e4rker als eine onlinebasierte Software ist.<br \/>\n<\/span><\/h4>\n<h4>Unsere Maklersoftware ist schnell &#8211; auch bei gro\u00dfen Immobilienbest\u00e4nden. Ob beim Laden, Kopieren oder Transferieren von einzelnen Bildern und ganzen Bilderserien, beim automatischen Abgleich von Interessentensuchprofilen mit Immobilienobjekten oder bei ganz spezifischen Selektionen f\u00fcr Serienaktionen mit individueller Anrede: Das Ergebnis haben Sie in einigen Sekunden und direkt in der gew\u00fcnschten Fassung zur \u00dcbergabe mit nur einem Klick in den Postausgang. Zielf\u00fchrend im Turbogang ohne Ladezeiten.<\/h4>\n<h4>Erleben Sie Entspannung im B\u00fcro:<\/h4>\n<h4>Ihr Verkaufsteam kann mit <em>A<\/em>MMON unbegrenzt automatische Selektionen und Profilabgleiche mit den gew\u00fcnschten spezifischen Kriterien per Klick durchf\u00fchren. Beliebig oft und exakt so, wie es gew\u00fcnscht ist. Ohne zus\u00e4tzliche Kosten. Das gilt auch f\u00fcr Abgleiche zu den Immobilienportalen. Und mit dem Autoresponder von <i>A<\/i>MMON k\u00f6nnen Sie E-Mail-Anfragen von Interessenten, die \u00fcber ein Immobilienportal kommen, automatisch mit pers\u00f6nlich definierten Inhalten und dem angefragten Expos\u00e9 beantworten lassen. So kann sich Ihr Team bestens auf das Verkaufen konzentrieren. Sie selbst k\u00f6nnen so viele Mitarbeitende als Benutzer anlegen wie Sie m\u00f6gen. Sie m\u00fcssen sich keine Gedanken um Online-Personallizenzen machen, bei denen Sie f\u00fcr jedes einzelne namentliche Benutzerkonto Geld hinlegen m\u00fcssen. Bei <em>A<\/em>MMON z\u00e4hlt lediglich die Anzahl der gleichzeitigen Benutzerzugriffe.<\/h4>\n<h4>Dar\u00fcber hinaus ist bei <em>A<\/em>MMON f\u00fcr Ihre Mobilit\u00e4t au\u00dfergew\u00f6hnlich gut gesorgt:<\/h4>\n<h4>Exklusiv genie\u00dfen Sie kostenlosen Installationsservice und Hardwareberatung aus einer Hand sowie kostenlosen pers\u00f6nlichen Support. Und das ohne Limitierung. Bei der Offline-Software <em>A<\/em>MMON profitieren Sie somit von einem starken Leistungsumfang und das ohne Extrakosten. Und durch die kostenlose Nutzung und Synchronisation der <em>A<\/em>MMON App f\u00fcr das iPad und das iPhone verf\u00fcgen Sie gleichzeitig \u00fcber die Vorteile einer ortsunabh\u00e4ngigen to go-Anwendung.<\/h4>\n<p>&nbsp;<\/p>\n<h4><span style=\"color: #002395;\"><span style=\"color: #00b0ad;\">WEIL<\/span> <\/span><span style=\"color: #002395;\">sich<em> A<\/em>MMON Ihrem pers\u00f6nlichen Arbeitsstil und Ihrer speziellen B\u00fcroorganisation anpasst und zudem die Nachweisf\u00fchrung sichert.<br \/>\n<\/span><\/h4>\n<h4>Sie arbeiten einzigartig.<\/h4>\n<h4>Als Anwender mit unterschiedlichen Aufgabenbereichen k\u00f6nnen Sie eine oder mehrere pers\u00f6nliche Arbeitsprofilmasken bis in das Detail voreinstellen. Mit nur einem Klick w\u00e4hlen Sie Ihr Wunschprofil aus und sparen wertvolle Zeit. Sie k\u00f6nnen in <em>A<\/em>MMON zudem beliebig viele individuelle Textbausteine f\u00fcr Gespr\u00e4chsnotizen und Nachweise, Beschreibungen f\u00fcr Immobilienanzeigen und vieles andere mehr hinterlegen und w\u00e4hlen diese per Klick aus. Auch anschlie\u00dfend k\u00f6nnen Sie Inhalte und Form, falls gew\u00fcnscht, noch anpassen.<\/h4>\n<h4>Gewinnbringend kommt hinzu: Jeder einzelne Vorgang, jede Kommunikation wird bei <em>A<\/em>MMON mit Anlagen (z.B. E-Mail) sowohl bei den betreffenden Personen wie auch bei der Immobilie eindeutig mit Datum und Uhrzeit automatisch im Nachweis dokumentiert. Nicht manipulierbare \u00c4nderungs- und Zeitdokumentationen garantieren die Nachverfolgbarkeit und geben Sicherheit.<\/h4>\n<h4>Individuell genau wie Ihr B\u00fcro:<\/h4>\n<h4>Mit <em>A<\/em>MMON k\u00f6nnen Sie jederzeit Ihre bevorzugten Gesch\u00e4ftsabl\u00e4ufe mit Workflowprozessen selbst definieren und im Programm aktivieren. Oder Sie nutzen bereits integrierte Prozessbausteine in <em>A<\/em>MMON und personalisieren diese nach Ihren Vorstellungen. Automatisch erscheinen die Aufgaben mit Erkl\u00e4rungen zur gew\u00fcnschten Zeit bei dem daf\u00fcr zust\u00e4ndigen Mitarbeitenden. Auch k\u00f6nnen Sie bei Gesch\u00e4ftsvorg\u00e4ngen direkt Wiedervorlagen automatisch aktivieren lassen. Alles in nur einem Vorgang ohne Fensterwechsel.<\/h4>\n<h4><span style=\"color: #333333;\">Einfach per Doppelklick oder Auswahlm\u00f6glichkeit: <\/span><\/h4>\n<h4><span style=\"color: #333333;\">Das beginnt mit der Freiheit, das <em>A<\/em>MMON Programm mit Grundeinstellungen und Details selbst konfigurieren zu k\u00f6nnen &#8211; einfach per Auswahlhaken. Ein Standard zum Anpassen ist selbstverst\u00e4ndlich bereits in <em>A<\/em>MMON voreingestellt. Es geht weiter mit der freien Gestaltungsm\u00f6glichkeit f\u00fcr Suchkriterien, Klassifikationen und Merkmalen f\u00fcr Personen und Immobilien. <\/span>Sie k\u00f6nnen Eingabefelder f\u00fcr Personen und Immobilien pers\u00f6nlich \u00fcber einen Doppelklick bestimmen &#8211; internes Benutzerrecht immer vorausgesetzt. Ihre selbst definierten Kriterien k\u00f6nnen Sie f\u00fcr Selektionen verwenden und die Inhalte werden in Expos\u00e9s, E-Mails oder Briefen automatisch an den gew\u00fcnschten Platz im Dokument \u00fcbertragen. Bei <em>A<\/em>MMON ist Tippen die Ausnahme.<\/h4>\n<p>&nbsp;<\/p>\n<h4><span style=\"color: #00b0ad;\">WEIL <\/span><span style=\"color: #002395;\"><em>A<\/em>MMON kosteng\u00fcnstig und flexibel mit besonderem Supportumfang ist.<br \/>\n<\/span><\/h4>\n<h4>Sie m\u00fcssen keine gut verdiente Provision erst mehr erwirtschaften und dann abgeben, nur um als gesamtes B\u00fcro mit einer Software arbeiten zu k\u00f6nnen. Das Erfolgsinstrument <em>A<\/em>MMON bleibt mit professionellen Funktionsumfang und seinen All-inclusive-Leistungen immer wirtschaftlich und bezahlbar.<\/h4>\n<h4>Bei <em>A<\/em>MMON genie\u00dfen Sie die Freiheit, selbst beliebig viele Mitarbeitende als Benutzer datenschutzkonform anlegen zu k\u00f6nnen und flexibel zu bleiben: Es z\u00e4hlt lediglich die Anzahl der gleichzeitigen Benutzerzugriffe und eine nicht ben\u00f6tigte Lizenz kann sofort reduziert werden. Und die pers\u00f6nliche Benutzer- und Gruppenverwaltung ist bei <em>A<\/em>MMON inklusive. Praktisch und kosteng\u00fcnstig.<\/h4>\n<h4>Auch der Support ist ganzheitlich, inklusive und ohne Zusatzkosten f\u00fcr Sie: <em>A<\/em>MMON bietet seinen Kunden einen Supportumfang ohne versteckte Einschr\u00e4nkungen in der Art der Kommunikation und ohne Limitierungen hinsichtlich des Zeitaufwandes oder der Benutzeranzahl. Als Anwender von <em>A<\/em>MMON erhalten Sie unbegrenzt Support per Telefon und per E-Mail und direkt aus dem Programm heraus sowie per Fernwartung. Auch mit R\u00fcckruf und mit Terminvereinbarungen auf Wunsch. Und das kostenlos.<\/h4>\n<h4>Der Hintergrund: Unsere Anwender kommen mit <em>A<\/em>MMON in der Praxis und im Gesch\u00e4ftsalltag zurecht. Eine Software mit tats\u00e4chlicher intuitiver Bedienung ben\u00f6tigt keine Einschr\u00e4nkungen oder zus\u00e4tzliche Kosten beim Support-Service. Oder?! Machen Sie den Vergleich!<\/h4>\n<p>&nbsp;<\/p>\n<h4><em>A<\/em>MMON steht f\u00fcr Kompetenz und Stabilit\u00e4t seit 25 Jahren. Oder mit den Worten von einem Kunden:<\/h4>\n<blockquote>\n<h4><span style=\"color: #00b0ad;\"><em>Das Warum ist ganz einfach: Weil diese Software mit durchdachten Funktionen ausgereift und aktuell ist und ich jederzeit Zugriff auf alle meine Daten habe!<\/em><br \/>\n<\/span><\/h4>\n<\/blockquote>\n","protected":false},"excerpt":{"rendered":"<p>GUTE GR\u00dcNDE Das spricht f\u00fcr AMMON: WEIL AMMON zeitsparend arbeitet&#8230; Personen und Immobilienobjekte brauchen nur 1 einziges Mal erfasst werden und das funktioniert sogar automatisch. Zeit ist wertvoll und mit AMMON k\u00f6nnen Sie sich besser auf das Verkaufen konzentrieren: Mit nur 1 Klick Anfragen von Interessenten, die \u00fcber ein Immobilienportal kommen, automatisch anlegen lassen (mit <span class=\"moretag\"><a href=\"https:\/\/www.moa-soft.de\/wordpress\/ammon-software\/gute-gruende\/\" class=\"btn btn-sm btn-primary\">Mehr Infos<\/a><\/span><\/p>\n","protected":false},"author":1,"featured_media":0,"parent":1069,"menu_order":0,"comment_status":"closed","ping_status":"closed","template":"","meta":{"footnotes":""},"class_list":["post-1375","page","type-page","status-publish","hentry"],"yoast_head":"<!-- This site is optimized with the Yoast SEO plugin v27.5 - https:\/\/yoast.com\/product\/yoast-seo-wordpress\/ -->\n<title>Warum Kunden unsere Softwarel\u00f6sung zur Immobilienvermittlung bevorzugen? - AMMON | Immobilienmaklersoftware<\/title>\n<meta name=\"robots\" content=\"index, follow, max-snippet:-1, max-image-preview:large, max-video-preview:-1\" \/>\n<link rel=\"canonical\" href=\"https:\/\/www.moa-soft.de\/wordpress\/ammon-software\/gute-gruende\/\" \/>\n<meta property=\"og:locale\" content=\"de_DE\" \/>\n<meta property=\"og:type\" content=\"article\" \/>\n<meta property=\"og:title\" content=\"Warum Kunden unsere Softwarel\u00f6sung zur Immobilienvermittlung bevorzugen? - AMMON | Immobilienmaklersoftware\" \/>\n<meta property=\"og:description\" content=\"GUTE GR\u00dcNDE Das spricht f\u00fcr AMMON: WEIL AMMON zeitsparend arbeitet&#8230; Personen und Immobilienobjekte brauchen nur 1 einziges Mal erfasst werden und das funktioniert sogar automatisch. Zeit ist wertvoll und mit AMMON k\u00f6nnen Sie sich besser auf das Verkaufen konzentrieren: Mit nur 1 Klick Anfragen von Interessenten, die \u00fcber ein Immobilienportal kommen, automatisch anlegen lassen (mit Mehr Infos\" \/>\n<meta property=\"og:url\" content=\"https:\/\/www.moa-soft.de\/wordpress\/ammon-software\/gute-gruende\/\" \/>\n<meta property=\"og:site_name\" content=\"AMMON | Immobilienmaklersoftware\" \/>\n<meta property=\"article:publisher\" content=\"https:\/\/www.facebook.com\/immobilienmaklersoftware\" \/>\n<meta property=\"article:modified_time\" content=\"2021-02-09T22:33:34+00:00\" \/>\n<meta name=\"twitter:card\" content=\"summary_large_image\" \/>\n<meta name=\"twitter:label1\" content=\"Gesch\u00e4tzte Lesezeit\" \/>\n\t<meta name=\"twitter:data1\" content=\"6\u00a0Minuten\" \/>\n<script type=\"application\/ld+json\" class=\"yoast-schema-graph\">{\"@context\":\"https:\\\/\\\/schema.org\",\"@graph\":[{\"@type\":\"WebPage\",\"@id\":\"https:\\\/\\\/www.moa-soft.de\\\/wordpress\\\/ammon-software\\\/gute-gruende\\\/\",\"url\":\"https:\\\/\\\/www.moa-soft.de\\\/wordpress\\\/ammon-software\\\/gute-gruende\\\/\",\"name\":\"Warum Kunden unsere Softwarel\u00f6sung zur Immobilienvermittlung bevorzugen? - AMMON | Immobilienmaklersoftware\",\"isPartOf\":{\"@id\":\"https:\\\/\\\/www.moa-soft.de\\\/wordpress\\\/#website\"},\"datePublished\":\"2017-12-22T06:59:09+00:00\",\"dateModified\":\"2021-02-09T22:33:34+00:00\",\"breadcrumb\":{\"@id\":\"https:\\\/\\\/www.moa-soft.de\\\/wordpress\\\/ammon-software\\\/gute-gruende\\\/#breadcrumb\"},\"inLanguage\":\"de\",\"potentialAction\":[{\"@type\":\"ReadAction\",\"target\":[\"https:\\\/\\\/www.moa-soft.de\\\/wordpress\\\/ammon-software\\\/gute-gruende\\\/\"]}]},{\"@type\":\"BreadcrumbList\",\"@id\":\"https:\\\/\\\/www.moa-soft.de\\\/wordpress\\\/ammon-software\\\/gute-gruende\\\/#breadcrumb\",\"itemListElement\":[{\"@type\":\"ListItem\",\"position\":1,\"name\":\"Startseite\",\"item\":\"https:\\\/\\\/www.moa-soft.de\\\/wordpress\\\/\"},{\"@type\":\"ListItem\",\"position\":2,\"name\":\"A wie ALLES. Au\u00dfer gew\u00f6hnlich&#8230; die Immobiliensoftware AMMON\",\"item\":\"https:\\\/\\\/www.moa-soft.de\\\/wordpress\\\/ammon-software\\\/\"},{\"@type\":\"ListItem\",\"position\":3,\"name\":\"Warum Kunden unsere Softwarel\u00f6sung zur Immobilienvermittlung bevorzugen?\"}]},{\"@type\":\"WebSite\",\"@id\":\"https:\\\/\\\/www.moa-soft.de\\\/wordpress\\\/#website\",\"url\":\"https:\\\/\\\/www.moa-soft.de\\\/wordpress\\\/\",\"name\":\"AMMON | Immobilienmaklersoftware\",\"description\":\"Immobilien- und Maklersoftware f\u00fcr Immobilienprofis\",\"publisher\":{\"@id\":\"https:\\\/\\\/www.moa-soft.de\\\/wordpress\\\/#organization\"},\"potentialAction\":[{\"@type\":\"SearchAction\",\"target\":{\"@type\":\"EntryPoint\",\"urlTemplate\":\"https:\\\/\\\/www.moa-soft.de\\\/wordpress\\\/?s={search_term_string}\"},\"query-input\":{\"@type\":\"PropertyValueSpecification\",\"valueRequired\":true,\"valueName\":\"search_term_string\"}}],\"inLanguage\":\"de\"},{\"@type\":\"Organization\",\"@id\":\"https:\\\/\\\/www.moa-soft.de\\\/wordpress\\\/#organization\",\"name\":\"AMMON Immobilienmakler Software\",\"url\":\"https:\\\/\\\/www.moa-soft.de\\\/wordpress\\\/\",\"logo\":{\"@type\":\"ImageObject\",\"inLanguage\":\"de\",\"@id\":\"https:\\\/\\\/www.moa-soft.de\\\/wordpress\\\/#\\\/schema\\\/logo\\\/image\\\/\",\"url\":\"https:\\\/\\\/www.moa-soft.de\\\/wordpress\\\/wp-content\\\/uploads\\\/2018\\\/01\\\/cropped-ammon_appicon512.png\",\"contentUrl\":\"https:\\\/\\\/www.moa-soft.de\\\/wordpress\\\/wp-content\\\/uploads\\\/2018\\\/01\\\/cropped-ammon_appicon512.png\",\"width\":512,\"height\":512,\"caption\":\"AMMON Immobilienmakler Software\"},\"image\":{\"@id\":\"https:\\\/\\\/www.moa-soft.de\\\/wordpress\\\/#\\\/schema\\\/logo\\\/image\\\/\"},\"sameAs\":[\"https:\\\/\\\/www.facebook.com\\\/immobilienmaklersoftware\"]}]}<\/script>\n<!-- \/ Yoast SEO plugin. -->","yoast_head_json":{"title":"Warum Kunden unsere Softwarel\u00f6sung zur Immobilienvermittlung bevorzugen? - AMMON | Immobilienmaklersoftware","robots":{"index":"index","follow":"follow","max-snippet":"max-snippet:-1","max-image-preview":"max-image-preview:large","max-video-preview":"max-video-preview:-1"},"canonical":"https:\/\/www.moa-soft.de\/wordpress\/ammon-software\/gute-gruende\/","og_locale":"de_DE","og_type":"article","og_title":"Warum Kunden unsere Softwarel\u00f6sung zur Immobilienvermittlung bevorzugen? - AMMON | Immobilienmaklersoftware","og_description":"GUTE GR\u00dcNDE Das spricht f\u00fcr AMMON: WEIL AMMON zeitsparend arbeitet&#8230; Personen und Immobilienobjekte brauchen nur 1 einziges Mal erfasst werden und das funktioniert sogar automatisch. Zeit ist wertvoll und mit AMMON k\u00f6nnen Sie sich besser auf das Verkaufen konzentrieren: Mit nur 1 Klick Anfragen von Interessenten, die \u00fcber ein Immobilienportal kommen, automatisch anlegen lassen (mit Mehr Infos","og_url":"https:\/\/www.moa-soft.de\/wordpress\/ammon-software\/gute-gruende\/","og_site_name":"AMMON | Immobilienmaklersoftware","article_publisher":"https:\/\/www.facebook.com\/immobilienmaklersoftware","article_modified_time":"2021-02-09T22:33:34+00:00","twitter_card":"summary_large_image","twitter_misc":{"Gesch\u00e4tzte Lesezeit":"6\u00a0Minuten"},"schema":{"@context":"https:\/\/schema.org","@graph":[{"@type":"WebPage","@id":"https:\/\/www.moa-soft.de\/wordpress\/ammon-software\/gute-gruende\/","url":"https:\/\/www.moa-soft.de\/wordpress\/ammon-software\/gute-gruende\/","name":"Warum Kunden unsere Softwarel\u00f6sung zur Immobilienvermittlung bevorzugen? - AMMON | Immobilienmaklersoftware","isPartOf":{"@id":"https:\/\/www.moa-soft.de\/wordpress\/#website"},"datePublished":"2017-12-22T06:59:09+00:00","dateModified":"2021-02-09T22:33:34+00:00","breadcrumb":{"@id":"https:\/\/www.moa-soft.de\/wordpress\/ammon-software\/gute-gruende\/#breadcrumb"},"inLanguage":"de","potentialAction":[{"@type":"ReadAction","target":["https:\/\/www.moa-soft.de\/wordpress\/ammon-software\/gute-gruende\/"]}]},{"@type":"BreadcrumbList","@id":"https:\/\/www.moa-soft.de\/wordpress\/ammon-software\/gute-gruende\/#breadcrumb","itemListElement":[{"@type":"ListItem","position":1,"name":"Startseite","item":"https:\/\/www.moa-soft.de\/wordpress\/"},{"@type":"ListItem","position":2,"name":"A wie ALLES. Au\u00dfer gew\u00f6hnlich&#8230; die Immobiliensoftware AMMON","item":"https:\/\/www.moa-soft.de\/wordpress\/ammon-software\/"},{"@type":"ListItem","position":3,"name":"Warum Kunden unsere Softwarel\u00f6sung zur Immobilienvermittlung bevorzugen?"}]},{"@type":"WebSite","@id":"https:\/\/www.moa-soft.de\/wordpress\/#website","url":"https:\/\/www.moa-soft.de\/wordpress\/","name":"AMMON | Immobilienmaklersoftware","description":"Immobilien- und Maklersoftware f\u00fcr Immobilienprofis","publisher":{"@id":"https:\/\/www.moa-soft.de\/wordpress\/#organization"},"potentialAction":[{"@type":"SearchAction","target":{"@type":"EntryPoint","urlTemplate":"https:\/\/www.moa-soft.de\/wordpress\/?s={search_term_string}"},"query-input":{"@type":"PropertyValueSpecification","valueRequired":true,"valueName":"search_term_string"}}],"inLanguage":"de"},{"@type":"Organization","@id":"https:\/\/www.moa-soft.de\/wordpress\/#organization","name":"AMMON Immobilienmakler Software","url":"https:\/\/www.moa-soft.de\/wordpress\/","logo":{"@type":"ImageObject","inLanguage":"de","@id":"https:\/\/www.moa-soft.de\/wordpress\/#\/schema\/logo\/image\/","url":"https:\/\/www.moa-soft.de\/wordpress\/wp-content\/uploads\/2018\/01\/cropped-ammon_appicon512.png","contentUrl":"https:\/\/www.moa-soft.de\/wordpress\/wp-content\/uploads\/2018\/01\/cropped-ammon_appicon512.png","width":512,"height":512,"caption":"AMMON Immobilienmakler Software"},"image":{"@id":"https:\/\/www.moa-soft.de\/wordpress\/#\/schema\/logo\/image\/"},"sameAs":["https:\/\/www.facebook.com\/immobilienmaklersoftware"]}]}},"_links":{"self":[{"href":"https:\/\/www.moa-soft.de\/wordpress\/wp-json\/wp\/v2\/pages\/1375","targetHints":{"allow":["GET"]}}],"collection":[{"href":"https:\/\/www.moa-soft.de\/wordpress\/wp-json\/wp\/v2\/pages"}],"about":[{"href":"https:\/\/www.moa-soft.de\/wordpress\/wp-json\/wp\/v2\/types\/page"}],"author":[{"embeddable":true,"href":"https:\/\/www.moa-soft.de\/wordpress\/wp-json\/wp\/v2\/users\/1"}],"replies":[{"embeddable":true,"href":"https:\/\/www.moa-soft.de\/wordpress\/wp-json\/wp\/v2\/comments?post=1375"}],"version-history":[{"count":311,"href":"https:\/\/www.moa-soft.de\/wordpress\/wp-json\/wp\/v2\/pages\/1375\/revisions"}],"predecessor-version":[{"id":3904,"href":"https:\/\/www.moa-soft.de\/wordpress\/wp-json\/wp\/v2\/pages\/1375\/revisions\/3904"}],"up":[{"embeddable":true,"href":"https:\/\/www.moa-soft.de\/wordpress\/wp-json\/wp\/v2\/pages\/1069"}],"wp:attachment":[{"href":"https:\/\/www.moa-soft.de\/wordpress\/wp-json\/wp\/v2\/media?parent=1375"}],"curies":[{"name":"wp","href":"https:\/\/api.w.org\/{rel}","templated":true}]}}